Last updated on 2023-12-09 00:52:45 CET.
Flavor | Version | Tinstall | Tcheck | Ttotal | Status | Flags |
---|---|---|---|---|---|---|
r-devel-linux-x86_64-debian-clang | 0.3.7-6 | 33.34 | 441.50 | 474.84 | NOTE | |
r-devel-linux-x86_64-debian-gcc | 0.3.7-6 | 26.16 | 330.24 | 356.40 | NOTE | |
r-devel-linux-x86_64-fedora-clang | 0.3.7-6 | 583.55 | NOTE | |||
r-devel-linux-x86_64-fedora-gcc | 0.3.7-6 | 536.00 | NOTE | |||
r-devel-windows-x86_64 | 0.3.7-6 | 26.00 | 361.00 | 387.00 | NOTE | |
r-patched-linux-x86_64 | 0.3.7-6 | 54.62 | 432.04 | 486.66 | OK | |
r-release-linux-x86_64 | 0.3.7-6 | 29.77 | 418.73 | 448.50 | OK | |
r-release-macos-arm64 | 0.3.7-6 | 166.00 | OK | |||
r-release-macos-x86_64 | 0.3.7-6 | 242.00 | OK | |||
r-release-windows-x86_64 | 0.3.7-6 | 37.00 | 479.00 | 516.00 | OK | |
r-oldrel-macos-arm64 | 0.3.7-6 | 141.00 | OK | |||
r-oldrel-macos-x86_64 | 0.3.7-6 | 173.00 | OK | |||
r-oldrel-windows-x86_64 | 0.3.7-6 | 36.00 | 442.00 | 478.00 | OK |
Version: 0.3.7-6
Check: Rd \usage sections
Result: NOTE
Documented arguments not in \usage in Rd file 'cpoTemplate.Rd':
‘affect.names’
Functions with \usage entries need to have the appropriate \alias
entries, and all their arguments documented.
The \usage entries must correspond to syntactically valid R code.
See chapter ‘Writing R documentation files’ in the ‘Writing R
Extensions’ manual.
Flavors: r-devel-linux-x86_64-debian-clang, r-devel-linux-x86_64-debian-gcc, r-devel-linux-x86_64-fedora-clang, r-devel-linux-x86_64-fedora-gcc, r-devel-windows-x86_64