CRAN Package Check Results for Package mnormt

Last updated on 2024-02-29 01:55:28 CET.

Flavor Version Tinstall Tcheck Ttotal Status Flags
r-devel-linux-x86_64-debian-clang 2.1.1 7.82 33.91 41.73 NOTE
r-devel-linux-x86_64-debian-gcc 2.1.1 4.98 26.00 30.98 NOTE
r-devel-linux-x86_64-fedora-clang 2.1.1 52.49 NOTE
r-devel-linux-x86_64-fedora-gcc 2.1.1 48.53 NOTE
r-devel-windows-x86_64 2.1.1 9.00 47.00 56.00 OK
r-patched-linux-x86_64 2.1.1 7.09 33.09 40.18 OK
r-release-linux-x86_64 2.1.1 6.06 32.71 38.77 OK
r-release-macos-arm64 2.1.1 26.00 OK
r-release-macos-x86_64 2.1.1 30.00 OK
r-release-windows-x86_64 2.1.1 12.00 52.00 64.00 OK
r-oldrel-macos-arm64 2.1.1 21.00 OK
r-oldrel-windows-x86_64 2.1.1 16.00 57.00 73.00 OK

Check Details

Version: 2.1.1
Check: Rd files
Result: NOTE checkRd: (-1) mom.mtruncnorm.Rd:35: Lost braces 35 | \item{cum}{a logical value; if code{TRUE} (default value), cumulants | ^ checkRd: (-1) mom.mtruncnorm.Rd:43: Lost braces; missing escapes or markup? 43 | The maximal value of {d} is \code{20}. If this threshold is exceeded, \code{NA}s | ^ checkRd: (-1) mt.Rd:110: Lost braces 110 | and code{tvpack}, downloaded in 2005 and again in 2007 from his webpage, | ^ Flavors: r-devel-linux-x86_64-debian-clang, r-devel-linux-x86_64-debian-gcc, r-devel-linux-x86_64-fedora-clang, r-devel-linux-x86_64-fedora-gcc