Last updated on 2023-12-10 01:52:33 CET.
Flavor | Version | Tinstall | Tcheck | Ttotal | Status | Flags |
---|---|---|---|---|---|---|
r-devel-linux-x86_64-debian-clang | 0.2.3 | 10.03 | 188.73 | 198.76 | OK | |
r-devel-linux-x86_64-debian-gcc | 0.2.3 | 10.34 | 139.48 | 149.82 | OK | |
r-devel-linux-x86_64-fedora-clang | 0.2.3 | 252.87 | NOTE | |||
r-devel-linux-x86_64-fedora-gcc | 0.2.3 | 256.85 | OK | |||
r-devel-windows-x86_64 | 0.2.3 | 12.00 | 155.00 | 167.00 | OK | |
r-patched-linux-x86_64 | 0.2.3 | 8.69 | 183.29 | 191.98 | OK | |
r-release-linux-x86_64 | 0.2.3 | 7.97 | 178.45 | 186.42 | OK | |
r-release-macos-arm64 | 0.2.3 | 88.00 | OK | |||
r-release-macos-x86_64 | 0.2.3 | 134.00 | OK | |||
r-release-windows-x86_64 | 0.2.3 | 16.00 | 191.00 | 207.00 | OK | |
r-oldrel-macos-arm64 | 0.2.3 | 68.00 | OK | |||
r-oldrel-macos-x86_64 | 0.2.3 | 146.00 | OK | |||
r-oldrel-windows-x86_64 | 0.2.3 | 16.00 | 211.00 | 227.00 | OK |
Version: 0.2.3
Check: Rd cross-references
Result: NOTE
Undeclared package ‘geomorph’ in Rd xrefs
Flavor: r-devel-linux-x86_64-fedora-clang