Last updated on 2024-08-16 12:49:13 CEST.
Flavor | Version | Tinstall | Tcheck | Ttotal | Status | Flags |
---|---|---|---|---|---|---|
r-devel-linux-x86_64-debian-clang | 0.1.0 | 16.24 | 59.89 | 76.13 | NOTE | |
r-devel-linux-x86_64-debian-gcc | 0.1.0 | 13.43 | 46.97 | 60.40 | NOTE | |
r-devel-linux-x86_64-fedora-clang | 0.1.0 | 120.37 | WARN | |||
r-devel-linux-x86_64-fedora-gcc | 0.1.0 | 29.82 | ERROR | |||
r-devel-windows-x86_64 | 0.1.0 | 45.00 | 93.00 | 138.00 | NOTE | |
r-patched-linux-x86_64 | 0.1.0 | 18.70 | 59.25 | 77.95 | NOTE | |
r-release-linux-x86_64 | 0.1.0 | 17.53 | 58.66 | 76.19 | NOTE | |
r-release-macos-arm64 | 0.1.0 | 48.00 | NOTE | |||
r-release-macos-x86_64 | 0.1.0 | 17.00 | ERROR | |||
r-release-windows-x86_64 | 0.1.0 | 51.00 | 91.00 | 142.00 | NOTE | |
r-oldrel-macos-arm64 | 0.1.0 | 58.00 | NOTE | |||
r-oldrel-macos-x86_64 | 0.1.0 | 17.00 | ERROR | |||
r-oldrel-windows-x86_64 | 0.1.0 | 55.00 | 104.00 | 159.00 | NOTE |
Version: 0.1.0
Check: for GNU extensions in Makefiles
Result: NOTE
GNU make is a SystemRequirements.
Flavors: r-devel-linux-x86_64-debian-clang, r-devel-linux-x86_64-debian-gcc, r-devel-linux-x86_64-fedora-clang, r-devel-windows-x86_64, r-patched-linux-x86_64, r-release-linux-x86_64, r-release-macos-arm64, r-release-windows-x86_64, r-oldrel-macos-arm64, r-oldrel-windows-x86_64
Version: 0.1.0
Check: whether package can be installed
Result: WARN
Found the following significant warnings:
./cmdline.h:30:2: warning: embedding a directive within macro arguments has undefined behavior [-Wembedded-directive]
./cmdline.h:32:2: warning: embedding a directive within macro arguments has undefined behavior [-Wembedded-directive]
See ‘/data/gannet/ripley/R/packages/tests-clang/moocore.Rcheck/00install.out’ for details.
* used C compiler: ‘clang version 18.1.8’
Flavor: r-devel-linux-x86_64-fedora-clang
Version: 0.1.0
Check: whether package can be installed
Result: ERROR
Installation failed.
Flavors: r-devel-linux-x86_64-fedora-gcc, r-release-macos-x86_64, r-oldrel-macos-x86_64