Last updated on 2024-08-16 00:48:25 CEST.
Flavor | Version | Tinstall | Tcheck | Ttotal | Status | Flags |
---|---|---|---|---|---|---|
r-devel-linux-x86_64-debian-clang | 0.6.4 | 63.08 | 103.97 | 167.05 | OK | |
r-devel-linux-x86_64-debian-gcc | 0.6.4 | 44.13 | 69.70 | 113.83 | OK | |
r-devel-linux-x86_64-fedora-clang | 0.6.4 | 294.12 | OK | |||
r-devel-linux-x86_64-fedora-gcc | 0.6.4 | 300.61 | OK | |||
r-devel-windows-x86_64 | 0.6.4 | 71.00 | 140.00 | 211.00 | OK | |
r-patched-linux-x86_64 | 0.6.4 | 61.91 | 97.70 | 159.61 | OK | |
r-release-linux-x86_64 | 0.6.4 | 62.84 | 98.03 | 160.87 | OK | |
r-release-macos-arm64 | 0.6.4 | 74.00 | NOTE | |||
r-release-macos-x86_64 | 0.6.4 | 103.00 | NOTE | |||
r-release-windows-x86_64 | 0.6.4 | 73.00 | 139.00 | 212.00 | OK | |
r-oldrel-macos-arm64 | 0.6.4 | 70.00 | NOTE | |||
r-oldrel-macos-x86_64 | 0.6.4 | 134.00 | NOTE | |||
r-oldrel-windows-x86_64 | 0.6.4 | 83.00 | 171.00 | 254.00 | OK |
Version: 0.6.4
Check: installed package size
Result: NOTE
installed size is 6.2Mb
sub-directories of 1Mb or more:
libs 3.0Mb
raster 2.2Mb
Flavors: r-release-macos-arm64, r-release-macos-x86_64, r-oldrel-macos-arm64, r-oldrel-macos-x86_64