Last updated on 2024-08-16 00:48:25 CEST.
Flavor | Version | Tinstall | Tcheck | Ttotal | Status | Flags |
---|---|---|---|---|---|---|
r-devel-linux-x86_64-debian-clang | 4.2.4 | 56.79 | 436.19 | 492.98 | NOTE | |
r-devel-linux-x86_64-debian-gcc | 4.2.4 | 35.16 | 270.81 | 305.97 | NOTE | |
r-devel-linux-x86_64-fedora-clang | 4.2.4 | 795.23 | NOTE | |||
r-devel-linux-x86_64-fedora-gcc | 4.2.4 | 765.03 | NOTE | |||
r-devel-windows-x86_64 | 4.2.4 | 59.00 | 421.00 | 480.00 | NOTE | |
r-patched-linux-x86_64 | 4.2.4 | 63.88 | 404.26 | 468.14 | NOTE | |
r-release-linux-x86_64 | 4.2.4 | 55.37 | 409.59 | 464.96 | NOTE | |
r-release-macos-arm64 | 4.2.4 | 181.00 | NOTE | |||
r-release-macos-x86_64 | 4.2.4 | 300.00 | NOTE | |||
r-release-windows-x86_64 | 4.2.4 | 55.00 | 418.00 | 473.00 | NOTE | |
r-oldrel-macos-arm64 | 4.2.4 | 168.00 | NOTE | |||
r-oldrel-macos-x86_64 | 4.2.4 | 463.00 | NOTE | |||
r-oldrel-windows-x86_64 | 4.2.4 | 78.00 | 566.00 | 644.00 | OK |
Version: 4.2.4
Check: Rd files
Result: NOTE
checkRd: (-1) brownian.motion.variance.dyn.Rd:39: Lost braces
39 | \link{brownian.bridge.dyn}, link{dynBGBvariance}
| ^
Flavors: r-devel-linux-x86_64-debian-clang, r-devel-linux-x86_64-debian-gcc, r-devel-linux-x86_64-fedora-clang, r-devel-linux-x86_64-fedora-gcc, r-devel-windows-x86_64, r-patched-linux-x86_64, r-release-linux-x86_64, r-release-macos-arm64, r-release-macos-x86_64, r-release-windows-x86_64
Version: 4.2.4
Check: Rd cross-references
Result: NOTE
Found the following Rd file(s) with Rd \link{} targets missing package
anchors:
DBBMM-class.Rd: Raster-class
DBBMMBurstStack-class.Rd: Raster-class
DBBMMStack-class.Rd: Raster-class
UD-class.Rd: Raster-class
dynBGB-class.Rd: Raster-class
move.Rd: CRS-class
raster2contour.Rd: SpatialLinesDataFrame-class
Please provide package anchors for all Rd \link{} targets not in the
package itself and the base packages.
Flavors: r-devel-linux-x86_64-debian-clang, r-devel-linux-x86_64-debian-gcc, r-devel-windows-x86_64
Version: 4.2.4
Check: installed package size
Result: NOTE
installed size is 5.4Mb
sub-directories of 1Mb or more:
R 2.1Mb
Flavors: r-release-macos-arm64, r-release-macos-x86_64, r-oldrel-macos-arm64, r-oldrel-macos-x86_64
Version: 4.2.4
Check: package dependencies
Result: NOTE
Packages suggested but not available for checking: 'ctmm', 'amt'
Flavor: r-oldrel-macos-x86_64
Version: 4.2.4
Check: Rd cross-references
Result: NOTE
Packages unavailable to check Rd xrefs: ‘ctmm’, ‘amt’
Flavor: r-oldrel-macos-x86_64