Last updated on 2024-05-08 00:49:52 CEST.
Flavor | Version | Tinstall | Tcheck | Ttotal | Status | Flags |
---|---|---|---|---|---|---|
r-devel-linux-x86_64-debian-clang | 4.2.4 | 73.02 | 532.28 | 605.30 | NOTE | |
r-devel-linux-x86_64-debian-gcc | 4.2.4 | 55.99 | 412.42 | 468.41 | NOTE | |
r-devel-linux-x86_64-fedora-clang | 4.2.4 | 790.57 | NOTE | |||
r-devel-linux-x86_64-fedora-gcc | 4.2.4 | 977.17 | NOTE | |||
r-devel-windows-x86_64 | 4.2.4 | 56.00 | 425.00 | 481.00 | NOTE | |
r-patched-linux-x86_64 | 4.2.4 | 73.10 | 492.56 | 565.66 | NOTE | |
r-release-linux-x86_64 | 4.2.4 | 64.81 | 544.78 | 609.59 | NOTE | |
r-release-macos-arm64 | 4.2.4 | 181.00 | NOTE | |||
r-release-windows-x86_64 | 4.2.4 | 53.00 | 416.00 | 469.00 | NOTE | |
r-oldrel-macos-arm64 | 4.2.4 | 168.00 | NOTE | |||
r-oldrel-macos-x86_64 | 4.2.4 | 463.00 | NOTE | |||
r-oldrel-windows-x86_64 | 4.2.4 | 76.00 | 566.00 | 642.00 | OK |
Version: 4.2.4
Check: Rd files
Result: NOTE
checkRd: (-1) brownian.motion.variance.dyn.Rd:39: Lost braces
39 | \link{brownian.bridge.dyn}, link{dynBGBvariance}
| ^
Flavors: r-devel-linux-x86_64-debian-clang, r-devel-linux-x86_64-debian-gcc, r-devel-linux-x86_64-fedora-clang, r-devel-linux-x86_64-fedora-gcc, r-devel-windows-x86_64, r-patched-linux-x86_64, r-release-linux-x86_64, r-release-macos-arm64, r-release-windows-x86_64
Version: 4.2.4
Check: installed package size
Result: NOTE
installed size is 5.4Mb
sub-directories of 1Mb or more:
R 2.1Mb
Flavors: r-release-macos-arm64, r-oldrel-macos-arm64, r-oldrel-macos-x86_64
Version: 4.2.4
Check: package dependencies
Result: NOTE
Packages suggested but not available for checking: 'ctmm', 'amt'
Flavor: r-oldrel-macos-x86_64
Version: 4.2.4
Check: Rd cross-references
Result: NOTE
Packages unavailable to check Rd xrefs: ‘ctmm’, ‘amt’
Flavor: r-oldrel-macos-x86_64