Last updated on 2023-12-02 01:51:30 CET.
Flavor | Version | Tinstall | Tcheck | Ttotal | Status | Flags |
---|---|---|---|---|---|---|
r-devel-linux-x86_64-debian-clang | 2.0 | 38.90 | 385.22 | 424.12 | NOTE | |
r-devel-linux-x86_64-debian-gcc | 2.0 | 36.24 | 292.26 | 328.50 | NOTE | |
r-devel-linux-x86_64-fedora-clang | 2.0 | 530.83 | NOTE | |||
r-devel-linux-x86_64-fedora-gcc | 2.0 | 508.27 | NOTE | |||
r-devel-windows-x86_64 | 2.0 | 32.00 | 236.00 | 268.00 | NOTE | |
r-patched-linux-x86_64 | 2.0 | 40.83 | 370.17 | 411.00 | OK | |
r-release-linux-x86_64 | 2.0 | 41.61 | 376.24 | 417.85 | OK | |
r-release-macos-arm64 | 2.0 | 119.00 | OK | |||
r-release-macos-x86_64 | 2.0 | 254.00 | OK | |||
r-release-windows-x86_64 | 2.0 | 44.00 | 326.00 | 370.00 | OK | |
r-oldrel-macos-arm64 | 2.0 | 113.00 | OK | |||
r-oldrel-macos-x86_64 | 2.0 | 156.00 | OK | |||
r-oldrel-windows-x86_64 | 2.0 | 47.00 | 331.00 | 378.00 | OK |
Version: 2.0
Check: Rd files
Result: NOTE
checkRd: (-1) movealloc.Rd:115: Lost braces in \itemize; \value handles \item{}{} directly
checkRd: (-1) movealloc.Rd:116: Lost braces in \itemize; \value handles \item{}{} directly
checkRd: (-1) movealloc.Rd:117: Lost braces in \itemize; \value handles \item{}{} directly
checkRd: (-1) movealloc.Rd:118: Lost braces in \itemize; \value handles \item{}{} directly
checkRd: (-1) movebound.Rd:112: Lost braces in \itemize; \value handles \item{}{} directly
checkRd: (-1) movebound.Rd:113: Lost braces in \itemize; \value handles \item{}{} directly
checkRd: (-1) movebound.Rd:114-115: Lost braces in \itemize; \value handles \item{}{} directly
checkRd: (-1) movecomp.Rd:123: Lost braces in \itemize; \value handles \item{}{} directly
checkRd: (-1) movecomp.Rd:124-125: Lost braces in \itemize; \value handles \item{}{} directly
checkRd: (-1) movecomp.Rd:126: Lost braces in \itemize; \value handles \item{}{} directly
checkRd: (-1) movecorr.Rd:124: Lost braces in \itemize; \value handles \item{}{} directly
checkRd: (-1) movecorr.Rd:125: Lost braces in \itemize; \value handles \item{}{} directly
checkRd: (-1) movecorr.Rd:126: Lost braces in \itemize; \value handles \item{}{} directly
checkRd: (-1) movecorr.Rd:127: Lost braces in \itemize; \value handles \item{}{} directly
checkRd: (-1) movecorr.Rd:128: Lost braces in \itemize; \value handles \item{}{} directly
checkRd: (-1) movecorr.Rd:129: Lost braces in \itemize; \value handles \item{}{} directly
checkRd: (-1) movecorr.Rd:130: Lost braces in \itemize; \value handles \item{}{} directly
checkRd: (-1) movecorr.Rd:131: Lost braces in \itemize; \value handles \item{}{} directly
checkRd: (-1) movecost.Rd:140: Lost braces in \itemize; \value handles \item{}{} directly
checkRd: (-1) movecost.Rd:141: Lost braces in \itemize; \value handles \item{}{} directly
checkRd: (-1) movecost.Rd:142: Lost braces in \itemize; \value handles \item{}{} directly
checkRd: (-1) movecost.Rd:143: Lost braces in \itemize; \value handles \item{}{} directly
checkRd: (-1) movecost.Rd:144: Lost braces in \itemize; \value handles \item{}{} directly
checkRd: (-1) movecost.Rd:145: Lost braces in \itemize; \value handles \item{}{} directly
checkRd: (-1) movecost.Rd:146: Lost braces in \itemize; \value handles \item{}{} directly
checkRd: (-1) movecost.Rd:147: Lost braces in \itemize; \value handles \item{}{} directly
checkRd: (-1) movecost.Rd:148-150: Lost braces in \itemize; \value handles \item{}{} directly
checkRd: (-1) movecost.Rd:151: Lost braces in \itemize; \value handles \item{}{} directly
checkRd: (-1) movenetw.Rd:107: Lost braces in \itemize; \value handles \item{}{} directly
checkRd: (-1) movenetw.Rd:108: Lost braces in \itemize; \value handles \item{}{} directly
checkRd: (-1) movenetw.Rd:109: Lost braces in \itemize; \value handles \item{}{} directly
checkRd: (-1) movenetw.Rd:110: Lost braces in \itemize; \value handles \item{}{} directly
checkRd: (-1) movenetw.Rd:111: Lost braces in \itemize; \value handles \item{}{} directly
checkRd: (-1) movenetw.Rd:112: Lost braces in \itemize; \value handles \item{}{} directly
checkRd: (-1) movenetw.Rd:113: Lost braces in \itemize; \value handles \item{}{} directly
checkRd: (-1) movenetw.Rd:114: Lost braces in \itemize; \value handles \item{}{} directly
checkRd: (-1) movenetw.Rd:115: Lost braces in \itemize; \value handles \item{}{} directly
checkRd: (-1) movenetw.Rd:116-117: Lost braces in \itemize; \value handles \item{}{} directly
checkRd: (-1) moverank.Rd:123: Lost braces in \itemize; \value handles \item{}{} directly
checkRd: (-1) moverank.Rd:124: Lost braces in \itemize; \value handles \item{}{} directly
checkRd: (-1) moverank.Rd:125: Lost braces in \itemize; \value handles \item{}{} directly
Flavors: r-devel-linux-x86_64-debian-clang, r-devel-linux-x86_64-debian-gcc
Version: 2.0
Check: Rd \usage sections
Result: NOTE
Documented arguments not in \usage in Rd file 'create_barrier_cs.Rd':
‘fields’
Functions with \usage entries need to have the appropriate \alias
entries, and all their arguments documented.
The \usage entries must correspond to syntactically valid R code.
See chapter ‘Writing R documentation files’ in the ‘Writing R
Extensions’ manual.
Flavors: r-devel-linux-x86_64-debian-clang, r-devel-linux-x86_64-debian-gcc, r-devel-linux-x86_64-fedora-clang, r-devel-linux-x86_64-fedora-gcc, r-devel-windows-x86_64
Version: 2.0
Check: data for non-ASCII characters
Result: NOTE
Note: found 3 marked UTF-8 strings
Flavors: r-devel-linux-x86_64-fedora-clang, r-devel-linux-x86_64-fedora-gcc