Last updated on 2024-08-16 00:48:26 CEST.
Flavor | Version | Tinstall | Tcheck | Ttotal | Status | Flags |
---|---|---|---|---|---|---|
r-devel-linux-x86_64-debian-clang | 1.0.6 | 7.41 | 62.28 | 69.69 | NOTE | |
r-devel-linux-x86_64-debian-gcc | 1.0.6 | 4.61 | 43.42 | 48.03 | NOTE | |
r-devel-linux-x86_64-fedora-clang | 1.0.6 | 109.96 | NOTE | |||
r-devel-linux-x86_64-fedora-gcc | 1.0.6 | 101.58 | NOTE | |||
r-devel-windows-x86_64 | 1.0.6 | 10.00 | 82.00 | 92.00 | NOTE | |
r-patched-linux-x86_64 | 1.0.6 | 6.59 | 58.58 | 65.17 | NOTE | |
r-release-linux-x86_64 | 1.0.6 | 6.68 | 58.50 | 65.18 | NOTE | |
r-release-macos-arm64 | 1.0.6 | 44.00 | NOTE | |||
r-release-macos-x86_64 | 1.0.6 | 55.00 | NOTE | |||
r-release-windows-x86_64 | 1.0.6 | 11.00 | 82.00 | 93.00 | NOTE | |
r-oldrel-macos-arm64 | 1.0.6 | 39.00 | OK | |||
r-oldrel-macos-x86_64 | 1.0.6 | 55.00 | NOTE | |||
r-oldrel-windows-x86_64 | 1.0.6 | 12.00 | 97.00 | 109.00 | OK |
Version: 1.0.6
Check: Rd files
Result: NOTE
checkRd: (-1) glmfence.Rd:21: Lost braces; missing escapes or markup?
21 | is performed where the boundary is cstar*hat(sigma)_{M,tildeM}.}
| ^
checkRd: (-1) lmfence.Rd:21: Lost braces; missing escapes or markup?
21 | is performed where the boundary is cstar*hat(sigma)_{M,tildeM}.}
| ^
Flavors: r-devel-linux-x86_64-debian-clang, r-devel-linux-x86_64-debian-gcc, r-devel-linux-x86_64-fedora-clang, r-devel-linux-x86_64-fedora-gcc, r-devel-windows-x86_64, r-patched-linux-x86_64, r-release-linux-x86_64, r-release-macos-arm64, r-release-macos-x86_64, r-release-windows-x86_64
Version: 1.0.6
Check: package dependencies
Result: NOTE
Packages suggested but not available for checking: 'mvoutlier', 'glmulti'
Flavor: r-oldrel-macos-x86_64