Last updated on 2023-12-04 01:48:49 CET.
Flavor | Version | Tinstall | Tcheck | Ttotal | Status | Flags |
---|---|---|---|---|---|---|
r-devel-linux-x86_64-debian-clang | 0.5.1 | 601.08 | 184.82 | 785.90 | NOTE | |
r-devel-linux-x86_64-debian-gcc | 0.5.1 | 505.68 | 168.44 | 674.12 | NOTE | |
r-devel-linux-x86_64-fedora-clang | 0.5.1 | 974.87 | NOTE | |||
r-devel-linux-x86_64-fedora-gcc | 0.5.1 | 1267.14 | NOTE | |||
r-devel-windows-x86_64 | 0.5.1 | 452.00 | 197.00 | 649.00 | NOTE | |
r-patched-linux-x86_64 | 0.5.1 | 428.94 | 216.36 | 645.30 | NOTE | |
r-release-linux-x86_64 | 0.5.1 | 438.03 | 217.75 | 655.78 | NOTE | |
r-release-macos-arm64 | 0.5.1 | 217.00 | NOTE | |||
r-release-macos-x86_64 | 0.5.1 | 435.00 | NOTE | |||
r-release-windows-x86_64 | 0.5.1 | 586.00 | 249.00 | 835.00 | NOTE | |
r-oldrel-macos-arm64 | 0.5.1 | 243.00 | NOTE | |||
r-oldrel-macos-x86_64 | 0.5.1 | 382.00 | NOTE | |||
r-oldrel-windows-x86_64 | 0.5.1 | 553.00 | 227.00 | 780.00 | NOTE |
Version: 0.5.1
Check: Rd files
Result: NOTE
checkRd: (-1) mvmr_egger_rjags.Rd:51-59: Lost braces
51 | if (requireNamespace("rjags", quietly = TRUE)) {
| ^
Flavors: r-devel-linux-x86_64-debian-clang, r-devel-linux-x86_64-debian-gcc
Version: 0.5.1
Check: for GNU extensions in Makefiles
Result: NOTE
GNU make is a SystemRequirements.
Flavors: r-devel-linux-x86_64-debian-clang, r-devel-linux-x86_64-debian-gcc, r-devel-linux-x86_64-fedora-clang, r-devel-linux-x86_64-fedora-gcc, r-devel-windows-x86_64, r-patched-linux-x86_64, r-release-linux-x86_64, r-release-macos-arm64, r-release-macos-x86_64, r-release-windows-x86_64, r-oldrel-macos-arm64, r-oldrel-macos-x86_64, r-oldrel-windows-x86_64
Version: 0.5.1
Check: installed package size
Result: NOTE
installed size is 5.7Mb
sub-directories of 1Mb or more:
libs 5.2Mb
Flavors: r-devel-linux-x86_64-fedora-clang, r-release-macos-arm64, r-release-macos-x86_64, r-oldrel-macos-arm64, r-oldrel-macos-x86_64
Version: 0.5.1
Check: dependencies in R code
Result: NOTE
Namespace in Imports field not imported from: ‘rstantools’
All declared Imports should be used.
Flavors: r-devel-linux-x86_64-fedora-clang, r-devel-linux-x86_64-fedora-gcc, r-oldrel-macos-arm64, r-oldrel-macos-x86_64
Version: 0.5.1
Check: package dependencies
Result: NOTE
Package suggested but not available for checking: ‘rjags’
Flavor: r-oldrel-macos-x86_64
Version: 0.5.1
Check: Rd cross-references
Result: NOTE
Package unavailable to check Rd xrefs: ‘rjags’
Flavor: r-oldrel-macos-x86_64