Last updated on 2023-12-01 00:52:03 CET.
Flavor | Version | Tinstall | Tcheck | Ttotal | Status | Flags |
---|---|---|---|---|---|---|
r-devel-linux-x86_64-debian-clang | 1.0.5 | 42.34 | 200.92 | 243.26 | OK | |
r-devel-linux-x86_64-debian-gcc | 1.0.5 | 33.54 | 139.18 | 172.72 | OK | |
r-devel-linux-x86_64-fedora-clang | 1.0.5 | 298.63 | OK | |||
r-devel-linux-x86_64-fedora-gcc | 1.0.5 | 333.66 | OK | |||
r-devel-windows-x86_64 | 1.0.5 | 30.00 | 188.00 | 218.00 | OK | |
r-patched-linux-x86_64 | 1.0.5 | 40.31 | 185.63 | 225.94 | OK | |
r-release-linux-x86_64 | 1.0.5 | 39.02 | 183.47 | 222.49 | OK | |
r-release-macos-arm64 | 1.0.5 | 82.00 | NOTE | |||
r-release-macos-x86_64 | 1.0.5 | 146.00 | NOTE | |||
r-release-windows-x86_64 | 1.0.5 | 32.00 | 232.00 | 264.00 | OK | |
r-oldrel-macos-arm64 | 1.0.5 | 73.00 | NOTE | |||
r-oldrel-macos-x86_64 | 1.0.5 | 94.00 | NOTE | |||
r-oldrel-windows-x86_64 | 1.0.5 | 42.00 | 215.00 | 257.00 | OK |
Version: 1.0.5
Check: installed package size
Result: NOTE
installed size is 7.0Mb
sub-directories of 1Mb or more:
libs 6.4Mb
Flavors: r-release-macos-arm64, r-release-macos-x86_64, r-oldrel-macos-arm64, r-oldrel-macos-x86_64