Last updated on 2024-05-11 00:58:08 CEST.
Flavor | Version | Tinstall | Tcheck | Ttotal | Status | Flags |
---|---|---|---|---|---|---|
r-devel-linux-x86_64-debian-clang | 1.0.1 | 4.82 | 195.66 | 200.48 | OK | |
r-devel-linux-x86_64-debian-gcc | 1.0.1 | 3.87 | 145.31 | 149.18 | OK | |
r-devel-linux-x86_64-fedora-clang | 1.0.1 | 257.75 | NOTE | |||
r-devel-linux-x86_64-fedora-gcc | 1.0.1 | 265.38 | OK | |||
r-devel-windows-x86_64 | 1.0.1 | 7.00 | 153.00 | 160.00 | OK | |
r-patched-linux-x86_64 | 1.0.1 | 5.07 | 193.57 | 198.64 | OK | |
r-release-linux-x86_64 | 1.0.1 | 3.04 | 191.35 | 194.39 | OK | |
r-release-macos-arm64 | 1.0.1 | 90.00 | OK | |||
r-release-windows-x86_64 | 1.0.1 | 6.00 | 158.00 | 164.00 | OK | |
r-oldrel-macos-arm64 | 1.0.1 | 61.00 | OK | |||
r-oldrel-macos-x86_64 | 1.0.1 | 139.00 | OK | |||
r-oldrel-windows-x86_64 | 1.0.1 | 7.00 | 183.00 | 190.00 | OK |
Version: 1.0.1
Check: Rd cross-references
Result: NOTE
Undeclared package ‘tidyr’ in Rd xrefs
Flavor: r-devel-linux-x86_64-fedora-clang