Last updated on 2024-08-16 00:48:26 CEST.
Flavor | Version | Tinstall | Tcheck | Ttotal | Status | Flags |
---|---|---|---|---|---|---|
r-devel-linux-x86_64-debian-clang | 1.0.1 | 4.09 | 146.12 | 150.21 | OK | |
r-devel-linux-x86_64-debian-gcc | 1.0.1 | 2.70 | 103.24 | 105.94 | OK | |
r-devel-linux-x86_64-fedora-clang | 1.0.1 | 259.21 | NOTE | |||
r-devel-linux-x86_64-fedora-gcc | 1.0.1 | 239.57 | OK | |||
r-devel-windows-x86_64 | 1.0.1 | 6.00 | 159.00 | 165.00 | OK | |
r-patched-linux-x86_64 | 1.0.1 | 3.84 | 142.74 | 146.58 | OK | |
r-release-linux-x86_64 | 1.0.1 | 3.98 | 143.06 | 147.04 | OK | |
r-release-macos-arm64 | 1.0.1 | 90.00 | OK | |||
r-release-macos-x86_64 | 1.0.1 | 144.00 | OK | |||
r-release-windows-x86_64 | 1.0.1 | 7.00 | 157.00 | 164.00 | OK | |
r-oldrel-macos-arm64 | 1.0.1 | 61.00 | OK | |||
r-oldrel-macos-x86_64 | 1.0.1 | 139.00 | OK | |||
r-oldrel-windows-x86_64 | 1.0.1 | 9.00 | 194.00 | 203.00 | OK |
Version: 1.0.1
Check: Rd cross-references
Result: NOTE
Undeclared package ‘tidyr’ in Rd xrefs
Flavor: r-devel-linux-x86_64-fedora-clang