CRAN Package Check Results for Package multisensi

Last updated on 2023-11-28 12:51:45 CET.

Flavor Version Tinstall Tcheck Ttotal Status Flags
r-devel-linux-x86_64-debian-clang 2.1-1 16.55 193.39 209.94 NOTE
r-devel-linux-x86_64-debian-gcc 2.1-1 13.92 138.79 152.71 NOTE
r-devel-linux-x86_64-fedora-clang 2.1-1 256.63 OK
r-devel-linux-x86_64-fedora-gcc 2.1-1 257.93 OK
r-devel-windows-x86_64 2.1-1 14.00 166.00 180.00 OK
r-patched-linux-x86_64 2.1-1 10.97 180.58 191.55 OK
r-release-linux-x86_64 2.1-1 10.44 181.06 191.50 OK
r-release-macos-arm64 2.1-1 82.00 OK
r-release-macos-x86_64 2.1-1 146.00 OK
r-release-windows-x86_64 2.1-1 20.00 196.00 216.00 OK
r-oldrel-macos-arm64 2.1-1 45.00 OK
r-oldrel-macos-x86_64 2.1-1 91.00 OK
r-oldrel-windows-x86_64 2.1-1 21.00 191.00 212.00 OK

Check Details

Version: 2.1-1
Check: Rd files
Result: NOTE checkRd: (-1) biomasse.Rd:30: Lost braces 30 | Makowski, D., Jeuffroy, M.-H., Gu\'{e}rif, M., 2004 Bayesian methods for | ^ checkRd: (-1) climat.Rd:20: Lost braces 20 | Makowski, D., Jeuffroy, M.-H., Gu\'{e}rif, M., 2004 Bayesian methods for | ^ checkRd: (-1) simulmodel.Rd:15: Lost braces 15 | \item{\dots}{... }{possible fixed parameters of the R-function} | ^ Flavors: r-devel-linux-x86_64-debian-clang, r-devel-linux-x86_64-debian-gcc