CRAN Package Check Results for Package multitool

Last updated on 2024-04-17 00:54:26 CEST.

Flavor Version Tinstall Tcheck Ttotal Status Flags
r-devel-linux-x86_64-debian-clang 0.1.4 9.63 180.74 190.37 OK
r-devel-linux-x86_64-debian-gcc 0.1.4 7.06 130.47 137.53 OK
r-devel-linux-x86_64-fedora-clang 0.1.4 229.30 NOTE
r-devel-linux-x86_64-fedora-gcc 0.1.4 234.32 OK
r-prerel-macos-arm64 0.1.4 72.00 NOTE
r-prerel-macos-x86_64 0.1.4 197.00 NOTE
r-prerel-windows-x86_64 0.1.4 9.00 140.00 149.00 NOTE
r-patched-linux-x86_64 0.1.4 12.50 167.59 180.09 OK
r-release-linux-x86_64 0.1.4 6.74 170.17 176.91 OK
r-release-macos-arm64 0.1.4 85.00 NOTE
r-release-macos-x86_64 0.1.4 199.00 NOTE
r-release-windows-x86_64 0.1.4 12.00 181.00 193.00 NOTE
r-oldrel-macos-arm64 0.1.4 79.00 NOTE
r-oldrel-windows-x86_64 0.1.4 13.00 178.00 191.00 NOTE

Check Details

Version: 0.1.4
Check: installed package size
Result: NOTE installed size is 5.1Mb sub-directories of 1Mb or more: doc 4.3Mb Flavors: r-devel-linux-x86_64-fedora-clang, r-prerel-macos-arm64, r-prerel-macos-x86_64, r-prerel-windows-x86_64, r-release-macos-arm64, r-release-macos-x86_64, r-release-windows-x86_64, r-oldrel-macos-arm64, r-oldrel-windows-x86_64