Last updated on 2024-05-08 00:49:52 CEST.
Flavor | Version | Tinstall | Tcheck | Ttotal | Status | Flags |
---|---|---|---|---|---|---|
r-devel-linux-x86_64-debian-clang | 4.2.1 | 108.37 | 193.52 | 301.89 | NOTE | |
r-devel-linux-x86_64-debian-gcc | 4.2.1 | 76.89 | 137.69 | 214.58 | NOTE | |
r-devel-linux-x86_64-fedora-clang | 4.2.1 | 404.76 | NOTE | |||
r-devel-linux-x86_64-fedora-gcc | 4.2.1 | 436.62 | NOTE | |||
r-devel-windows-x86_64 | 4.2.1 | 76.00 | 191.00 | 267.00 | NOTE | |
r-patched-linux-x86_64 | 4.2.1 | 96.74 | 186.75 | 283.49 | NOTE | |
r-release-linux-x86_64 | 4.2.1 | 100.51 | 189.63 | 290.14 | NOTE | |
r-release-macos-arm64 | 4.2.1 | 76.00 | NOTE | |||
r-release-windows-x86_64 | 4.2.1 | 83.00 | 189.00 | 272.00 | NOTE | |
r-oldrel-macos-arm64 | 4.2.1 | 94.00 | NOTE | |||
r-oldrel-macos-x86_64 | 4.2.1 | 174.00 | NOTE | |||
r-oldrel-windows-x86_64 | 4.2.1 | 99.00 | 225.00 | 324.00 | NOTE |
Version: 4.2.1
Check: C++ specification
Result: NOTE
Specified C++11: please drop specification unless essential
Flavors: r-devel-linux-x86_64-debian-clang, r-devel-linux-x86_64-debian-gcc, r-devel-linux-x86_64-fedora-clang, r-devel-linux-x86_64-fedora-gcc, r-devel-windows-x86_64, r-patched-linux-x86_64, r-release-linux-x86_64, r-release-macos-arm64, r-release-windows-x86_64, r-oldrel-macos-arm64, r-oldrel-macos-x86_64, r-oldrel-windows-x86_64
Version: 4.2.1
Check: Rd files
Result: NOTE
checkRd: (-1) cv.glm1path.Rd:74: Lost braces
74 | \code{\link{glm1path}}, \\code{\link{glm1}}, \code{\link{glm}}, \code{\link{family}}
| ^
Flavors: r-devel-linux-x86_64-debian-clang, r-devel-linux-x86_64-debian-gcc, r-devel-linux-x86_64-fedora-clang, r-devel-linux-x86_64-fedora-gcc, r-devel-windows-x86_64, r-patched-linux-x86_64, r-release-linux-x86_64, r-release-macos-arm64, r-release-windows-x86_64
Version: 4.2.1
Check: installed package size
Result: NOTE
installed size is 6.4Mb
sub-directories of 1Mb or more:
libs 5.3Mb
Flavors: r-release-macos-arm64, r-oldrel-macos-arm64, r-oldrel-macos-x86_64