Last updated on 2023-12-11 01:52:43 CET.
Flavor | Version | Tinstall | Tcheck | Ttotal | Status | Flags |
---|---|---|---|---|---|---|
r-devel-linux-x86_64-debian-clang | 4.2.1 | 103.44 | 190.14 | 293.58 | NOTE | |
r-devel-linux-x86_64-debian-gcc | 4.2.1 | 68.31 | 137.66 | 205.97 | NOTE | |
r-devel-linux-x86_64-fedora-clang | 4.2.1 | 399.27 | NOTE | |||
r-devel-linux-x86_64-fedora-gcc | 4.2.1 | 376.87 | NOTE | |||
r-devel-windows-x86_64 | 4.2.1 | 74.00 | 191.00 | 265.00 | NOTE | |
r-patched-linux-x86_64 | 4.2.1 | 88.31 | 186.92 | 275.23 | NOTE | |
r-release-linux-x86_64 | 4.2.1 | 80.71 | 184.19 | 264.90 | NOTE | |
r-release-macos-arm64 | 4.2.1 | 94.00 | NOTE | |||
r-release-macos-x86_64 | 4.2.1 | 174.00 | NOTE | |||
r-release-windows-x86_64 | 4.2.1 | 100.00 | 221.00 | 321.00 | NOTE | |
r-oldrel-macos-arm64 | 4.2.1 | 86.00 | NOTE | |||
r-oldrel-macos-x86_64 | 4.2.1 | 113.00 | NOTE | |||
r-oldrel-windows-x86_64 | 4.2.1 | 104.00 | 212.00 | 316.00 | OK |
Version: 4.2.1
Check: C++ specification
Result: NOTE
Specified C++11: please drop specification unless essential
Flavors: r-devel-linux-x86_64-debian-clang, r-devel-linux-x86_64-debian-gcc, r-devel-linux-x86_64-fedora-clang, r-devel-linux-x86_64-fedora-gcc, r-devel-windows-x86_64, r-patched-linux-x86_64, r-release-linux-x86_64, r-release-macos-arm64, r-release-macos-x86_64, r-release-windows-x86_64
Version: 4.2.1
Check: Rd files
Result: NOTE
checkRd: (-1) cv.glm1path.Rd:74: Lost braces
74 | \code{\link{glm1path}}, \\code{\link{glm1}}, \code{\link{glm}}, \code{\link{family}}
| ^
Flavors: r-devel-linux-x86_64-debian-clang, r-devel-linux-x86_64-debian-gcc
Version: 4.2.1
Check: installed package size
Result: NOTE
installed size is 6.6Mb
sub-directories of 1Mb or more:
libs 5.5Mb
Flavors: r-release-macos-arm64, r-release-macos-x86_64, r-oldrel-macos-arm64, r-oldrel-macos-x86_64