CRAN Package Check Results for Package mvoutlier

Last updated on 2024-03-03 01:53:40 CET.

Flavor Version Tinstall Tcheck Ttotal Status Flags
r-devel-linux-x86_64-debian-clang 2.1.1 4.38 51.21 55.59 NOTE
r-devel-linux-x86_64-debian-gcc 2.1.1 5.08 38.28 43.36 NOTE
r-devel-linux-x86_64-fedora-clang 2.1.1 70.29 NOTE
r-devel-linux-x86_64-fedora-gcc 2.1.1 66.65 NOTE
r-devel-windows-x86_64 2.1.1 6.00 63.00 69.00 NOTE
r-patched-linux-x86_64 2.1.1 6.35 49.55 55.90 NOTE
r-release-linux-x86_64 2.1.1 6.13 49.87 56.00 NOTE
r-release-macos-arm64 2.1.1 27.00 NOTE
r-release-macos-x86_64 2.1.1 37.00 NOTE
r-release-windows-x86_64 2.1.1 6.00 72.00 78.00 NOTE
r-oldrel-macos-arm64 2.1.1 24.00 OK
r-oldrel-windows-x86_64 2.1.1 8.00 73.00 81.00 OK

Check Details

Version: 2.1.1
Check: Rd files
Result: NOTE checkRd: (-1) pkb.Rd:14: Escaped LaTeX specials: \# \# \# Flavors: r-devel-linux-x86_64-debian-clang, r-devel-linux-x86_64-debian-gcc, r-devel-linux-x86_64-fedora-clang, r-devel-linux-x86_64-fedora-gcc, r-devel-windows-x86_64, r-patched-linux-x86_64, r-release-linux-x86_64, r-release-macos-arm64, r-release-macos-x86_64, r-release-windows-x86_64