CRAN Package Check Results for Package mycor

Last updated on 2024-02-24 12:49:24 CET.

Flavor Version Tinstall Tcheck Ttotal Status Flags
r-devel-linux-x86_64-debian-clang 0.1.1 2.34 28.58 30.92 NOTE
r-devel-linux-x86_64-debian-gcc 0.1.1 2.03 22.29 24.32 NOTE
r-devel-linux-x86_64-fedora-clang 0.1.1 39.32 NOTE
r-devel-linux-x86_64-fedora-gcc 0.1.1 52.87 NOTE
r-devel-windows-x86_64 0.1.1 3.00 45.00 48.00 NOTE
r-patched-linux-x86_64 0.1.1 2.40 28.40 30.80 NOTE
r-release-linux-x86_64 0.1.1 2.24 28.10 30.34 NOTE
r-release-macos-arm64 0.1.1 26.00 NOTE
r-release-macos-x86_64 0.1.1 35.00 NOTE
r-release-windows-x86_64 0.1.1 3.00 47.00 50.00 NOTE
r-oldrel-macos-arm64 0.1.1 24.00 NOTE
r-oldrel-windows-x86_64 0.1.1 4.00 51.00 55.00 NOTE

Check Details

Version: 0.1.1
Check: LazyData
Result: NOTE 'LazyData' is specified without a 'data' directory Flavors: r-devel-linux-x86_64-debian-clang, r-devel-linux-x86_64-debian-gcc, r-devel-linux-x86_64-fedora-clang, r-devel-linux-x86_64-fedora-gcc, r-devel-windows-x86_64, r-patched-linux-x86_64, r-release-linux-x86_64, r-release-macos-arm64, r-release-macos-x86_64, r-release-windows-x86_64, r-oldrel-macos-arm64, r-oldrel-windows-x86_64