CRAN Package Check Results for Package neonUtilities

Last updated on 2024-02-23 13:52:33 CET.

Flavor Version Tinstall Tcheck Ttotal Status Flags
r-devel-linux-x86_64-debian-clang 2.4.1 OK
r-devel-linux-x86_64-debian-gcc 2.4.1 5.75 47.59 53.34 OK
r-devel-linux-x86_64-fedora-clang 2.4.1 85.95 OK
r-devel-linux-x86_64-fedora-gcc 2.4.1 88.07 OK
r-devel-windows-x86_64 2.4.1 8.00 72.00 80.00 OK
r-patched-linux-x86_64 2.4.1 7.56 60.62 68.18 OK
r-release-linux-x86_64 2.4.1 5.76 60.92 66.68 OK
r-release-macos-arm64 2.4.1 37.00 NOTE
r-release-macos-x86_64 2.4.1 63.00 NOTE
r-release-windows-x86_64 2.4.1 10.00 83.00 93.00 OK
r-oldrel-macos-arm64 2.4.1 40.00 OK
r-oldrel-windows-x86_64 2.4.1 12.00 75.00 87.00 OK

Check Details

Version: 2.4.1
Check: package dependencies
Result: NOTE Package suggested but not available for checking: ‘rhdf5’ Flavors: r-release-macos-arm64, r-release-macos-x86_64