CRAN Package Check Results for Package netassoc

Last updated on 2024-02-27 01:50:10 CET.

Flavor Version Tinstall Tcheck Ttotal Status Flags
r-devel-linux-x86_64-debian-clang 0.7.0 9.57 83.93 93.50 NOTE
r-devel-linux-x86_64-debian-gcc 0.7.0 7.44 64.33 71.77 NOTE
r-devel-linux-x86_64-fedora-clang 0.7.0 116.62 NOTE
r-devel-linux-x86_64-fedora-gcc 0.7.0 112.74 OK
r-devel-windows-x86_64 0.7.0 8.00 82.00 90.00 OK
r-patched-linux-x86_64 0.7.0 13.08 83.98 97.06 OK
r-release-linux-x86_64 0.7.0 9.20 84.38 93.58 OK
r-release-macos-arm64 0.7.0 39.00 OK
r-release-macos-x86_64 0.7.0 58.00 OK
r-release-windows-x86_64 0.7.0 11.00 94.00 105.00 OK
r-oldrel-macos-arm64 0.7.0 36.00 OK
r-oldrel-windows-x86_64 0.7.0 12.00 102.00 114.00 OK

Check Details

Version: 0.7.0
Check: Rd files
Result: NOTE checkRd: (-1) partial_correlation.Rd:26: Lost braces in \itemize; meant \describe ? checkRd: (-1) partial_correlation.Rd:27: Lost braces in \itemize; meant \describe ? checkRd: (-1) partial_correlation.Rd:28: Lost braces in \itemize; meant \describe ? checkRd: (-1) partial_correlation.Rd:29: Lost braces in \itemize; meant \describe ? Flavors: r-devel-linux-x86_64-debian-clang, r-devel-linux-x86_64-debian-gcc, r-devel-linux-x86_64-fedora-clang