Last updated on 2023-12-09 00:52:46 CET.
Flavor | Version | Tinstall | Tcheck | Ttotal | Status | Flags |
---|---|---|---|---|---|---|
r-devel-linux-x86_64-debian-clang | 1.22.6 | 139.49 | 458.23 | 597.72 | OK | |
r-devel-linux-x86_64-debian-gcc | 1.22.6 | 119.92 | 336.69 | 456.61 | OK | |
r-devel-linux-x86_64-fedora-clang | 1.22.6 | 792.04 | NOTE | |||
r-devel-linux-x86_64-fedora-gcc | 1.22.6 | 798.18 | OK | |||
r-devel-windows-x86_64 | 1.22.6 | 124.00 | 268.00 | 392.00 | NOTE | --no-vignettes |
r-patched-linux-x86_64 | 1.22.6 | 122.65 | 446.77 | 569.42 | OK | |
r-release-linux-x86_64 | 1.22.6 | 104.26 | 434.68 | 538.94 | OK | |
r-release-macos-arm64 | 1.22.6 | 195.00 | NOTE | |||
r-release-macos-x86_64 | 1.22.6 | 361.00 | NOTE | |||
r-release-windows-x86_64 | 1.22.6 | 161.00 | 324.00 | 485.00 | NOTE | --no-vignettes |
r-oldrel-macos-arm64 | 1.22.6 | 204.00 | NOTE | |||
r-oldrel-macos-x86_64 | 1.22.6 | 238.00 | NOTE | |||
r-oldrel-windows-x86_64 | 1.22.6 | 155.00 | 324.00 | 479.00 | NOTE | --no-vignettes |
Version: 1.22.6
Check: package dependencies
Result: NOTE
Package suggested but not available for checking: ‘RSiena’
Flavor: r-devel-linux-x86_64-fedora-clang
Version: 1.22.6
Flags: --no-vignettes
Check: installed package size
Result: NOTE
installed size is 5.8Mb
sub-directories of 1Mb or more:
doc 2.5Mb
libs 1.5Mb
Flavors: r-devel-windows-x86_64, r-release-windows-x86_64, r-oldrel-windows-x86_64
Version: 1.22.6
Check: installed package size
Result: NOTE
installed size is 9.9Mb
sub-directories of 1Mb or more:
doc 2.5Mb
libs 5.5Mb
Flavors: r-release-macos-arm64, r-release-macos-x86_64, r-oldrel-macos-arm64, r-oldrel-macos-x86_64