Last updated on 2024-08-16 00:48:26 CEST.
Flavor | Version | Tinstall | Tcheck | Ttotal | Status | Flags |
---|---|---|---|---|---|---|
r-devel-linux-x86_64-debian-clang | 1.22.6 | 97.38 | 355.58 | 452.96 | OK | |
r-devel-linux-x86_64-debian-gcc | 1.22.6 | 75.93 | 224.84 | 300.77 | OK | |
r-devel-linux-x86_64-fedora-clang | 1.22.6 | 786.82 | OK | |||
r-devel-linux-x86_64-fedora-gcc | 1.22.6 | 788.98 | OK | |||
r-devel-windows-x86_64 | 1.22.6 | 107.00 | 273.00 | 380.00 | NOTE | --no-vignettes |
r-patched-linux-x86_64 | 1.22.6 | 112.00 | 330.03 | 442.03 | OK | |
r-release-linux-x86_64 | 1.22.6 | 105.46 | 332.66 | 438.12 | OK | |
r-release-macos-arm64 | 1.22.6 | 177.00 | NOTE | |||
r-release-macos-x86_64 | 1.22.6 | 252.00 | NOTE | |||
r-release-windows-x86_64 | 1.22.6 | 107.00 | 233.00 | 340.00 | NOTE | --no-vignettes |
r-oldrel-macos-arm64 | 1.22.6 | 195.00 | NOTE | |||
r-oldrel-macos-x86_64 | 1.22.6 | 361.00 | NOTE | |||
r-oldrel-windows-x86_64 | 1.22.6 | 137.00 | 275.00 | 412.00 | NOTE | --no-vignettes |
Version: 1.22.6
Flags: --no-vignettes
Check: installed package size
Result: NOTE
installed size is 5.8Mb
sub-directories of 1Mb or more:
doc 2.5Mb
libs 1.5Mb
Flavors: r-devel-windows-x86_64, r-release-windows-x86_64, r-oldrel-windows-x86_64
Version: 1.22.6
Check: installed package size
Result: NOTE
installed size is 9.9Mb
sub-directories of 1Mb or more:
doc 2.5Mb
libs 5.5Mb
Flavors: r-release-macos-arm64, r-release-macos-x86_64, r-oldrel-macos-arm64, r-oldrel-macos-x86_64