CRAN Package Check Results for Package networkDynamic

Last updated on 2023-11-28 12:51:45 CET.

Flavor Version Tinstall Tcheck Ttotal Status Flags
r-devel-linux-x86_64-debian-clang 0.11.3 13.88 203.77 217.65 WARN
r-devel-linux-x86_64-debian-gcc 0.11.3 11.58 148.58 160.16 WARN
r-devel-linux-x86_64-fedora-clang 0.11.3 262.01 WARN
r-devel-linux-x86_64-fedora-gcc 0.11.3 283.34 WARN
r-devel-windows-x86_64 0.11.3 16.00 185.00 201.00 WARN
r-patched-linux-x86_64 0.11.3 18.05 190.62 208.67 OK
r-release-linux-x86_64 0.11.3 9.94 188.80 198.74 OK
r-release-macos-arm64 0.11.3 84.00 OK
r-release-macos-x86_64 0.11.3 144.00 OK
r-release-windows-x86_64 0.11.3 22.00 218.00 240.00 OK
r-oldrel-macos-arm64 0.11.3 56.00 OK
r-oldrel-macos-x86_64 0.11.3 99.00 OK
r-oldrel-windows-x86_64 0.11.3 21.00 219.00 240.00 OK

Check Details

Version: 0.11.3
Check: whether package can be installed
Result: WARN Found the following significant warnings: wtedgetree.c:628:28: warning: format specifies type 'int' but the argument has type 'double' [-Wformat] See ‘/home/hornik/tmp/R.check/r-devel-clang/Work/PKGS/networkDynamic.Rcheck/00install.out’ for details. * used C compiler: ‘Debian clang version 17.0.5 (1)’ Flavor: r-devel-linux-x86_64-debian-clang

Version: 0.11.3
Check: Rd files
Result: NOTE checkRd: (-1) activity.attribute.Rd:37: Lost braces; missing escapes or markup? 37 | The syntax for defining or querying spells can specify either an instantaneous time point or an interval. The commands for this include \code{at=}, \code{onset=}, \code{terminus=} and \code{length=}. Any numeric values may be used in the interval specifications, including \code{Inf} and \code{-Inf}, (with some restrictions, see below). A spell with \code{onset=-Inf} represents onset censoring. A spell with \code{terminus=Inf} represents terminus censoring. \code{Inf} and \code{-Inf} cannot be used with the \code{at} specification. Similarly, \code{onset} can not be \code{Inf} and \code{terminus} can not be {-Inf}. | ^ checkRd: (-1) network.dynamic.check.Rd:54-55: Lost braces in \itemize; \value handles \item{}{} directly checkRd: (-1) network.dynamic.check.Rd:56-57: Lost braces in \itemize; \value handles \item{}{} directly checkRd: (-1) network.dynamic.check.Rd:58-59: Lost braces in \itemize; \value handles \item{}{} directly checkRd: (-1) network.dynamic.check.Rd:60-61: Lost braces in \itemize; \value handles \item{}{} directly checkRd: (-1) network.dynamic.check.Rd:62-63: Lost braces in \itemize; \value handles \item{}{} directly checkRd: (-1) network.dynamic.check.Rd:64: Lost braces in \itemize; \value handles \item{}{} directly checkRd: (-1) network.dynamic.check.Rd:65: Lost braces in \itemize; \value handles \item{}{} directly checkRd: (-1) networkDynamic-package.Rd:39: Lost braces; missing escapes or markup? 39 | Current Maintainer: Skye Bender-deMoll {skyebend@uw.edu} | ^ Flavors: r-devel-linux-x86_64-debian-clang, r-devel-linux-x86_64-debian-gcc

Version: 0.11.3
Check: Rd contents
Result: NOTE Argument items with no description in Rd file 'print.networkDynamic.Rd': ‘\dots’ Flavors: r-devel-linux-x86_64-debian-clang, r-devel-linux-x86_64-debian-gcc, r-devel-linux-x86_64-fedora-clang, r-devel-linux-x86_64-fedora-gcc, r-devel-windows-x86_64

Version: 0.11.3
Check: whether package can be installed
Result: WARN Found the following significant warnings: wtedgetree.c:628:23: warning: format ‘%d’ expects argument of type ‘int’, but argument 2 has type ‘double’ [-Wformat=] See ‘/home/hornik/tmp/R.check/r-devel-gcc/Work/PKGS/networkDynamic.Rcheck/00install.out’ for details. * used C compiler: ‘gcc-13 (Debian 13.2.0-5) 13.2.0’ Flavor: r-devel-linux-x86_64-debian-gcc

Version: 0.11.3
Check: whether package can be installed
Result: WARN Found the following significant warnings: wtedgetree.c:628:28: warning: format specifies type 'int' but the argument has type 'double' [-Wformat] See ‘/data/gannet/ripley/R/packages/tests-clang/networkDynamic.Rcheck/00install.out’ for details. * used C compiler: ‘clang version 17.0.5’ Flavor: r-devel-linux-x86_64-fedora-clang

Version: 0.11.3
Check: whether package can be installed
Result: WARN Found the following significant warnings: wtedgetree.c:628:23: warning: format '%d' expects argument of type 'int', but argument 2 has type 'double' [-Wformat=] See ‘/data/gannet/ripley/R/packages/tests-devel/networkDynamic.Rcheck/00install.out’ for details. * used C compiler: ‘gcc-13 (GCC) 13.2.0’ Flavor: r-devel-linux-x86_64-fedora-gcc

Version: 0.11.3
Check: whether package can be installed
Result: WARN Found the following significant warnings: wtedgetree.c:628:23: warning: format '%d' expects argument of type 'int', but argument 2 has type 'double' [-Wformat=] See 'd:/Rcompile/CRANpkg/local/4.4/networkDynamic.Rcheck/00install.out' for details. * used C compiler: 'gcc.exe (GCC) 12.3.0' Flavor: r-devel-windows-x86_64