Last updated on 2023-12-11 01:52:43 CET.
Flavor | Version | Tinstall | Tcheck | Ttotal | Status | Flags |
---|---|---|---|---|---|---|
r-devel-linux-x86_64-debian-clang | 0.0.6 | 39.03 | 188.66 | 227.69 | OK | |
r-devel-linux-x86_64-debian-gcc | 0.0.6 | 35.48 | 139.81 | 175.29 | OK | |
r-devel-linux-x86_64-fedora-clang | 0.0.6 | 304.80 | NOTE | |||
r-devel-linux-x86_64-fedora-gcc | 0.0.6 | 298.30 | NOTE | |||
r-devel-windows-x86_64 | 0.0.6 | 39.00 | 196.00 | 235.00 | OK | |
r-patched-linux-x86_64 | 0.0.6 | 40.36 | 185.88 | 226.24 | OK | |
r-release-linux-x86_64 | 0.0.6 | 27.71 | 181.63 | 209.34 | OK | |
r-release-macos-arm64 | 0.0.6 | 88.00 | OK | |||
r-release-macos-x86_64 | 0.0.6 | 151.00 | OK | |||
r-release-windows-x86_64 | 0.0.6 | 51.00 | 231.00 | 282.00 | OK | |
r-oldrel-macos-arm64 | 0.0.6 | 69.00 | OK | |||
r-oldrel-macos-x86_64 | 0.0.6 | 128.00 | OK | |||
r-oldrel-windows-x86_64 | 0.0.6 | 51.00 | 206.00 | 257.00 | OK |
Version: 0.0.6
Check: compiled code
Result: NOTE
File ‘neuroim/libs/neuroim.so’:
Found no calls to: ‘R_registerRoutines’, ‘R_useDynamicSymbols’
It is good practice to register native routines and to disable symbol
search.
See ‘Writing portable packages’ in the ‘Writing R Extensions’ manual.
Flavors: r-devel-linux-x86_64-fedora-clang, r-devel-linux-x86_64-fedora-gcc