CRAN Package Check Results for Package nflseedR

Last updated on 2024-02-25 01:49:06 CET.

Flavor Version Tinstall Tcheck Ttotal Status Flags
r-devel-linux-x86_64-debian-clang 1.2.0 8.32 101.17 109.49 NOTE
r-devel-linux-x86_64-debian-gcc 1.2.0 6.59 78.19 84.78 NOTE
r-devel-linux-x86_64-fedora-clang 1.2.0 134.59 OK
r-devel-linux-x86_64-fedora-gcc 1.2.0 125.75 OK
r-devel-windows-x86_64 1.2.0 8.00 86.00 94.00 OK
r-patched-linux-x86_64 1.2.0 5.45 97.96 103.41 OK
r-release-linux-x86_64 1.2.0 4.96 98.81 103.77 OK
r-release-macos-arm64 1.2.0 47.00 OK
r-release-macos-x86_64 1.2.0 69.00 OK
r-release-windows-x86_64 1.2.0 10.00 114.00 124.00 OK
r-oldrel-macos-arm64 1.2.0 48.00 OK
r-oldrel-windows-x86_64 1.2.0 10.00 115.00 125.00 OK

Check Details

Version: 1.2.0
Check: Rd files
Result: NOTE checkRd: (-1) load_schedules.Rd:27: Lost braces in \itemize; \value handles \item{}{} directly checkRd: (-1) load_schedules.Rd:28: Lost braces in \itemize; \value handles \item{}{} directly checkRd: (-1) load_schedules.Rd:29: Lost braces in \itemize; \value handles \item{}{} directly checkRd: (-1) load_schedules.Rd:30: Lost braces in \itemize; \value handles \item{}{} directly checkRd: (-1) load_schedules.Rd:31: Lost braces in \itemize; \value handles \item{}{} directly checkRd: (-1) load_schedules.Rd:60: Lost braces in \itemize; \value handles \item{}{} directly checkRd: (-1) load_schedules.Rd:61: Lost braces in \itemize; \value handles \item{}{} directly checkRd: (-1) load_schedules.Rd:62: Lost braces in \itemize; \value handles \item{}{} directly checkRd: (-1) load_schedules.Rd:63: Lost braces in \itemize; \value handles \item{}{} directly Flavors: r-devel-linux-x86_64-debian-clang, r-devel-linux-x86_64-debian-gcc