Last updated on 2023-11-29 01:49:28 CET.
Flavor | Version | Tinstall | Tcheck | Ttotal | Status | Flags |
---|---|---|---|---|---|---|
r-devel-linux-x86_64-debian-clang | 1.1.0 | 19.44 | 273.09 | 292.53 | NOTE | |
r-devel-linux-x86_64-debian-gcc | 1.1.0 | 13.89 | 178.70 | 192.59 | NOTE | |
r-devel-linux-x86_64-fedora-clang | 1.1.0 | 354.67 | OK | |||
r-devel-linux-x86_64-fedora-gcc | 1.1.0 | 347.04 | OK | |||
r-devel-windows-x86_64 | 1.1.0 | 15.00 | 198.00 | 213.00 | OK | |
r-patched-linux-x86_64 | 1.1.0 | 16.51 | 273.06 | 289.57 | OK | |
r-release-linux-x86_64 | 1.1.0 | 16.81 | 268.83 | 285.64 | OK | |
r-release-macos-arm64 | 1.1.0 | 80.00 | OK | |||
r-release-macos-x86_64 | 1.1.0 | 145.00 | OK | |||
r-release-windows-x86_64 | 1.1.0 | 17.00 | 247.00 | 264.00 | OK | |
r-oldrel-macos-arm64 | 1.1.0 | 76.00 | OK | |||
r-oldrel-macos-x86_64 | 1.1.0 | 98.00 | OK | |||
r-oldrel-windows-x86_64 | 1.1.0 | 24.00 | 253.00 | 277.00 | OK |
Version: 1.1.0
Check: Rd files
Result: NOTE
checkRd: (-1) bootstrap_param_est.Rd:52: Lost braces in \itemize; meant \describe ?
checkRd: (-1) bootstrap_param_est.Rd:53: Lost braces in \itemize; meant \describe ?
checkRd: (-1) bootstrap_param_est.Rd:54: Lost braces in \itemize; meant \describe ?
checkRd: (-1) get_emission.Rd:25: Lost braces in \itemize; meant \describe ?
checkRd: (-1) get_emission.Rd:26: Lost braces in \itemize; meant \describe ?
checkRd: (-1) get_emission.Rd:27: Lost braces in \itemize; meant \describe ?
checkRd: (-1) impute.Rd:51: Lost braces in \itemize; meant \describe ?
checkRd: (-1) impute.Rd:52: Lost braces in \itemize; meant \describe ?
checkRd: (-1) impute.Rd:53: Lost braces in \itemize; meant \describe ?
checkRd: (-1) impute_ref.Rd:54: Lost braces in \itemize; meant \describe ?
checkRd: (-1) impute_ref.Rd:55: Lost braces in \itemize; meant \describe ?
checkRd: (-1) impute_ref.Rd:56: Lost braces in \itemize; meant \describe ?
checkRd: (-1) sim_data.Rd:42: Lost braces in \itemize; \value handles \item{}{} directly
checkRd: (-1) sim_data.Rd:43: Lost braces in \itemize; \value handles \item{}{} directly
checkRd: (-1) sim_data.Rd:44: Lost braces in \itemize; \value handles \item{}{} directly
Flavors: r-devel-linux-x86_64-debian-clang, r-devel-linux-x86_64-debian-gcc