CRAN Package Check Results for Package nimble

Last updated on 2024-02-24 12:49:24 CET.

Flavor Version Tinstall Tcheck Ttotal Status Flags
r-devel-linux-x86_64-debian-clang 1.1.0 525.44 317.06 842.50 OK
r-devel-linux-x86_64-debian-gcc 1.1.0 418.51 247.73 666.24 OK
r-devel-linux-x86_64-fedora-clang 1.1.0 1190.72 NOTE
r-devel-linux-x86_64-fedora-gcc 1.1.0 1150.52 OK
r-devel-windows-x86_64 1.1.0 433.00 258.00 691.00 NOTE
r-patched-linux-x86_64 1.1.0 511.16 326.19 837.35 OK
r-release-linux-x86_64 1.1.0 470.37 331.25 801.62 OK
r-release-macos-arm64 1.1.0 250.00 NOTE
r-release-macos-x86_64 1.1.0 733.00 NOTE
r-release-windows-x86_64 1.1.0 560.00 321.00 881.00 NOTE
r-oldrel-macos-arm64 1.1.0 220.00 NOTE
r-oldrel-windows-x86_64 1.1.0 524.00 264.00 788.00 NOTE

Check Details

Version: 1.1.0
Check: installed package size
Result: NOTE installed size is 25.3Mb sub-directories of 1Mb or more: CppCode 2.8Mb R 7.7Mb classic-bugs 1.6Mb include 11.9Mb Flavors: r-devel-linux-x86_64-fedora-clang, r-devel-windows-x86_64, r-release-macos-arm64, r-release-macos-x86_64, r-release-windows-x86_64, r-oldrel-macos-arm64, r-oldrel-windows-x86_64