Last updated on 2024-04-27 12:48:18 CEST.
Flavor | Version | Tinstall | Tcheck | Ttotal | Status | Flags |
---|---|---|---|---|---|---|
r-devel-linux-x86_64-debian-clang | 1.0.1 | 16.05 | 227.27 | 243.32 | NOTE | |
r-devel-linux-x86_64-debian-gcc | 1.0.1 | 12.74 | 171.21 | 183.95 | NOTE | |
r-devel-linux-x86_64-fedora-clang | 1.0.1 | 296.30 | NOTE | |||
r-devel-linux-x86_64-fedora-gcc | 1.0.1 | 311.11 | NOTE | |||
r-devel-windows-x86_64 | 1.0.1 | 17.00 | 178.00 | 195.00 | NOTE | |
r-patched-linux-x86_64 | 1.0.1 | 19.40 | 221.26 | 240.66 | NOTE | |
r-release-linux-x86_64 | 1.0.1 | 16.85 | 221.00 | 237.85 | OK | |
r-release-macos-arm64 | 1.0.1 | 91.00 | NOTE | |||
r-release-windows-x86_64 | 1.0.1 | 17.00 | 176.00 | 193.00 | NOTE | |
r-oldrel-macos-arm64 | 1.0.1 | 99.00 | OK | |||
r-oldrel-macos-x86_64 | 1.0.1 | 157.00 | OK | |||
r-oldrel-windows-x86_64 | 1.0.1 | 23.00 | 225.00 | 248.00 | OK |
Version: 1.0.1
Check: Rd files
Result: NOTE
checkRd: (-1) dot-make_long_data.Rd:44: Lost braces; missing escapes or markup?
44 | training sample), psi (the value of this observations Psihat(P_{n,B_n}^0)),
| ^
checkRd: (-1) dot-make_long_data_nested_cv.Rd:49: Lost braces; missing escapes or markup?
49 | training sample), psi (the value of this observations Psihat(P_{n,B_n}^0)),
| ^
Flavors: r-devel-linux-x86_64-debian-clang, r-devel-linux-x86_64-debian-gcc, r-devel-linux-x86_64-fedora-clang, r-devel-linux-x86_64-fedora-gcc, r-devel-windows-x86_64, r-patched-linux-x86_64, r-release-macos-arm64, r-release-windows-x86_64