Last updated on 2024-05-21 13:52:46 CEST.
Flavor | Version | Tinstall | Tcheck | Ttotal | Status | Flags |
---|---|---|---|---|---|---|
r-devel-linux-x86_64-debian-clang | 0.8-1 | 8.13 | 54.93 | 63.06 | NOTE | |
r-devel-linux-x86_64-debian-gcc | 0.8-1 | 5.28 | 41.68 | 46.96 | NOTE | |
r-devel-linux-x86_64-fedora-clang | 0.8-1 | 77.99 | NOTE | |||
r-devel-linux-x86_64-fedora-gcc | 0.8-1 | 77.58 | NOTE | |||
r-devel-windows-x86_64 | 0.8-1 | 6.00 | 63.00 | 69.00 | NOTE | |
r-patched-linux-x86_64 | 0.8-1 | 7.86 | 54.76 | 62.62 | NOTE | |
r-release-linux-x86_64 | 0.8-1 | 7.72 | 53.42 | 61.14 | NOTE | |
r-release-macos-arm64 | 0.8-1 | 25.00 | NOTE | |||
r-release-windows-x86_64 | 0.8-1 | 5.00 | 61.00 | 66.00 | NOTE | |
r-oldrel-macos-arm64 | 0.8-1 | 28.00 | OK | |||
r-oldrel-macos-x86_64 | 0.8-1 | 58.00 | OK | |||
r-oldrel-windows-x86_64 | 0.8-1 | 8.00 | 67.00 | 75.00 | OK |
Version: 0.8-1
Check: Rd files
Result: NOTE
checkRd: (-1) anova.Rd:19: Lost braces
19 | Returns an object of class code{anova}. These objects represent
| ^
Flavors: r-devel-linux-x86_64-debian-clang, r-devel-linux-x86_64-debian-gcc, r-devel-linux-x86_64-fedora-clang, r-devel-linux-x86_64-fedora-gcc, r-devel-windows-x86_64, r-patched-linux-x86_64, r-release-linux-x86_64, r-release-macos-arm64, r-release-windows-x86_64