CRAN Package Check Results for Package nnlib2Rcpp

Last updated on 2023-11-29 01:49:28 CET.

Flavor Version Tinstall Tcheck Ttotal Status Flags
r-devel-linux-x86_64-debian-clang 0.2.3 195.95 61.20 257.15 NOTE
r-devel-linux-x86_64-debian-gcc 0.2.3 137.31 46.75 184.06 NOTE
r-devel-linux-x86_64-fedora-clang 0.2.3 389.77 OK
r-devel-linux-x86_64-fedora-gcc 0.2.3 401.74 OK
r-devel-windows-x86_64 0.2.3 120.00 115.00 235.00 OK
r-patched-linux-x86_64 0.2.3 166.71 60.19 226.90 OK
r-release-linux-x86_64 0.2.3 162.36 59.02 221.38 OK
r-release-macos-arm64 0.2.3 91.00 NOTE
r-release-macos-x86_64 0.2.3 137.00 NOTE
r-release-windows-x86_64 0.2.3 136.00 122.00 258.00 OK
r-oldrel-macos-arm64 0.2.3 80.00 NOTE
r-oldrel-macos-x86_64 0.2.3 107.00 NOTE
r-oldrel-windows-x86_64 0.2.3 177.00 120.00 297.00 OK

Check Details

Version: 0.2.3
Check: Rd files
Result: NOTE checkRd: (-1) BP-class.Rd:101: Lost braces in \itemize; meant \describe ? checkRd: (-1) BP-class.Rd:102: Lost braces in \itemize; meant \describe ? checkRd: (-1) BP-class.Rd:103: Lost braces in \itemize; meant \describe ? checkRd: (-1) BP-class.Rd:104: Lost braces in \itemize; meant \describe ? checkRd: (-1) BP-class.Rd:105: Lost braces in \itemize; meant \describe ? checkRd: (-1) BP-class.Rd:106: Lost braces in \itemize; meant \describe ? checkRd: (-1) BP-class.Rd:115: Lost braces in \itemize; meant \describe ? checkRd: (-1) BP-class.Rd:116: Lost braces in \itemize; meant \describe ? checkRd: (-1) BP-class.Rd:117: Lost braces in \itemize; meant \describe ? checkRd: (-1) BP-class.Rd:118: Lost braces in \itemize; meant \describe ? checkRd: (-1) BP-class.Rd:119: Lost braces in \itemize; meant \describe ? checkRd: (-1) BP-class.Rd:130: Lost braces in \itemize; meant \describe ? checkRd: (-1) BP-class.Rd:131: Lost braces in \itemize; meant \describe ? checkRd: (-1) LVQs-class.Rd:71: Lost braces in \itemize; meant \describe ? checkRd: (-1) LVQs-class.Rd:72: Lost braces in \itemize; meant \describe ? checkRd: (-1) LVQs-class.Rd:73: Lost braces in \itemize; meant \describe ? checkRd: (-1) MAM-class.Rd:76: Lost braces in \itemize; meant \describe ? checkRd: (-1) MAM-class.Rd:77: Lost braces in \itemize; meant \describe ? checkRd: (-1) NN-R-components.Rd:13: Lost braces in \itemize; meant \describe ? checkRd: (-1) NN-R-components.Rd:14: Lost braces in \itemize; meant \describe ? checkRd: (-1) NN-R-components.Rd:15: Lost braces in \itemize; meant \describe ? checkRd: (-1) NN-R-components.Rd:16: Lost braces in \itemize; meant \describe ? checkRd: (-1) NN-R-components.Rd:21: Lost braces in \itemize; meant \describe ? checkRd: (-1) NN-R-components.Rd:22: Lost braces in \itemize; meant \describe ? checkRd: (-1) NN-R-components.Rd:23: Lost braces in \itemize; meant \describe ? checkRd: (-1) NN-R-components.Rd:24: Lost braces in \itemize; meant \describe ? checkRd: (-1) NN-R-components.Rd:25: Lost braces in \itemize; meant \describe ? checkRd: (-1) NN-R-components.Rd:29: Lost braces in \itemize; meant \describe ? checkRd: (-1) NN-R-components.Rd:30: Lost braces in \itemize; meant \describe ? checkRd: (-1) NN-R-components.Rd:36: Lost braces in \itemize; meant \describe ? checkRd: (-1) NN-R-components.Rd:37: Lost braces in \itemize; meant \describe ? checkRd: (-1) NN-R-components.Rd:38: Lost braces in \itemize; meant \describe ? checkRd: (-1) NN-R-components.Rd:39: Lost braces in \itemize; meant \describe ? checkRd: (-1) NN-R-components.Rd:44: Lost braces in \itemize; meant \describe ? checkRd: (-1) NN-R-components.Rd:45: Lost braces in \itemize; meant \describe ? checkRd: (-1) NN-R-components.Rd:46: Lost braces in \itemize; meant \describe ? checkRd: (-1) NN-R-components.Rd:47: Lost braces in \itemize; meant \describe ? checkRd: (-1) NN-R-components.Rd:48: Lost braces in \itemize; meant \describe ? checkRd: (-1) NN-R-components.Rd:49: Lost braces in \itemize; meant \describe ? checkRd: (-1) NN-R-components.Rd:50: Lost braces in \itemize; meant \describe ? checkRd: (-1) NN-R-components.Rd:51: Lost braces in \itemize; meant \describe ? checkRd: (-1) NN-R-components.Rd:58: Lost braces in \itemize; meant \describe ? checkRd: (-1) NN-R-components.Rd:59: Lost braces in \itemize; meant \describe ? checkRd: (-1) NN-class.Rd:208: Lost braces in \itemize; meant \describe ? checkRd: (-1) NN-class.Rd:209: Lost braces in \itemize; meant \describe ? checkRd: (-1) NN-class.Rd:210: Lost braces in \itemize; meant \describe ? checkRd: (-1) NN-class.Rd:211: Lost braces in \itemize; meant \describe ? checkRd: (-1) NN-class.Rd:218: Lost braces in \itemize; meant \describe ? checkRd: (-1) NN-class.Rd:219: Lost braces in \itemize; meant \describe ? checkRd: (-1) NN-class.Rd:220: Lost braces in \itemize; meant \describe ? checkRd: (-1) NN-class.Rd:226: Lost braces in \itemize; meant \describe ? checkRd: (-1) NN-class.Rd:227: Lost braces in \itemize; meant \describe ? checkRd: (-1) NN-class.Rd:234: Lost braces in \itemize; meant \describe ? checkRd: (-1) NN-class.Rd:235: Lost braces in \itemize; meant \describe ? checkRd: (-1) NN-class.Rd:236: Lost braces in \itemize; meant \describe ? checkRd: (-1) NN-class.Rd:237: Lost braces in \itemize; meant \describe ? checkRd: (-1) NN-class.Rd:238: Lost braces in \itemize; meant \describe ? checkRd: (-1) NN-class.Rd:245: Lost braces in \itemize; meant \describe ? checkRd: (-1) NN-class.Rd:246: Lost braces in \itemize; meant \describe ? checkRd: (-1) NN-class.Rd:247: Lost braces in \itemize; meant \describe ? checkRd: (-1) NN-class.Rd:248: Lost braces in \itemize; meant \describe ? checkRd: (-1) NN-class.Rd:249: Lost braces in \itemize; meant \describe ? checkRd: (-1) NN-class.Rd:250: Lost braces in \itemize; meant \describe ? checkRd: (-1) NN-class.Rd:251: Lost braces in \itemize; meant \describe ? checkRd: (-1) NN-class.Rd:258: Lost braces in \itemize; meant \describe ? checkRd: (-1) NN-class.Rd:259: Lost braces in \itemize; meant \describe ? checkRd: (-1) NN-class.Rd:260: Lost braces in \itemize; meant \describe ? checkRd: (-1) NN-class.Rd:261: Lost braces in \itemize; meant \describe ? checkRd: (-1) NN-class.Rd:268: Lost braces in \itemize; meant \describe ? checkRd: (-1) NN-class.Rd:269: Lost braces in \itemize; meant \describe ? checkRd: (-1) NN-class.Rd:281: Lost braces in \itemize; meant \describe ? checkRd: (-1) NN-class.Rd:287: Lost braces in \itemize; meant \describe ? checkRd: (-1) NN-class.Rd:297: Lost braces in \itemize; meant \describe ? checkRd: (-1) NN-class.Rd:298: Lost braces in \itemize; meant \describe ? checkRd: (-1) NN-class.Rd:299: Lost braces in \itemize; meant \describe ? checkRd: (-1) NN-class.Rd:300: Lost braces in \itemize; meant \describe ? checkRd: (-1) NN-class.Rd:306: Lost braces in \itemize; meant \describe ? checkRd: (-1) NN-class.Rd:307: Lost braces in \itemize; meant \describe ? checkRd: (-1) NN-class.Rd:308: Lost braces in \itemize; meant \describe ? checkRd: (-1) NN-class.Rd:309: Lost braces in \itemize; meant \describe ? checkRd: (-1) NN-class.Rd:310: Lost braces in \itemize; meant \describe ? checkRd: (-1) NN-class.Rd:311: Lost braces in \itemize; meant \describe ? checkRd: (-1) NN-class.Rd:312: Lost braces in \itemize; meant \describe ? checkRd: (-1) NN-class.Rd:318: Lost braces in \itemize; meant \describe ? checkRd: (-1) NN-class.Rd:323: Lost braces in \itemize; meant \describe ? checkRd: (-1) NN-class.Rd:333: Lost braces in \itemize; meant \describe ? checkRd: (-1) NN-class.Rd:334: Lost braces in \itemize; meant \describe ? checkRd: (-1) NN-class.Rd:335: Lost braces in \itemize; meant \describe ? checkRd: (-1) NN-class.Rd:336: Lost braces in \itemize; meant \describe ? checkRd: (-1) NN-class.Rd:342: Lost braces in \itemize; meant \describe ? checkRd: (-1) NN-class.Rd:343: Lost braces in \itemize; meant \describe ? checkRd: (-1) NN-class.Rd:351: Lost braces in \itemize; meant \describe ? checkRd: (-1) NN-class.Rd:357: Lost braces in \itemize; meant \describe ? checkRd: (-1) NN-class.Rd:365: Lost braces in \itemize; meant \describe ? checkRd: (-1) NN-class.Rd:366: Lost braces in \itemize; meant \describe ? checkRd: (-1) NN-class.Rd:372: Lost braces in \itemize; meant \describe ? checkRd: (-1) NN-class.Rd:378: Lost braces in \itemize; meant \describe ? checkRd: (-1) NN-class.Rd:379: Lost braces in \itemize; meant \describe ? checkRd: (-1) NN-class.Rd:385: Lost braces in \itemize; meant \describe ? checkRd: (-1) NN-class.Rd:386: Lost braces in \itemize; meant \describe ? checkRd: (-1) NN-class.Rd:392: Lost braces in \itemize; meant \describe ? checkRd: (-1) NN-class.Rd:393: Lost braces in \itemize; meant \describe ? checkRd: (-1) NN-class.Rd:394: Lost braces in \itemize; meant \describe ? checkRd: (-1) NN-class.Rd:400: Lost braces in \itemize; meant \describe ? checkRd: (-1) NN-class.Rd:406: Lost braces in \itemize; meant \describe ? checkRd: (-1) NN-class.Rd:407: Lost braces in \itemize; meant \describe ? checkRd: (-1) NN-class.Rd:413: Lost braces in \itemize; meant \describe ? checkRd: (-1) NN-class.Rd:419: Lost braces in \itemize; meant \describe ? checkRd: (-1) NN-class.Rd:420: Lost braces in \itemize; meant \describe ? checkRd: (-1) NN-class.Rd:426: Lost braces in \itemize; meant \describe ? checkRd: (-1) NN-class.Rd:427: Lost braces in \itemize; meant \describe ? checkRd: (-1) NN-class.Rd:433: Lost braces in \itemize; meant \describe ? checkRd: (-1) NN-class.Rd:434: Lost braces in \itemize; meant \describe ? checkRd: (-1) NN-class.Rd:435: Lost braces in \itemize; meant \describe ? checkRd: (-1) NN-class.Rd:441: Lost braces in \itemize; meant \describe ? checkRd: (-1) NN-class.Rd:442: Lost braces in \itemize; meant \describe ? checkRd: (-1) NN-class.Rd:447: Lost braces in \itemize; meant \describe ? checkRd: (-1) NN-class.Rd:448: Lost braces in \itemize; meant \describe ? checkRd: (-1) NN-class.Rd:449: Lost braces in \itemize; meant \describe ? checkRd: (-1) NN-class.Rd:454: Lost braces in \itemize; meant \describe ? checkRd: (-1) NN-class.Rd:455: Lost braces in \itemize; meant \describe ? checkRd: (-1) NN-class.Rd:456: Lost braces in \itemize; meant \describe ? checkRd: (-1) NN-class.Rd:457: Lost braces in \itemize; meant \describe ? checkRd: (-1) NN-class.Rd:462: Lost braces in \itemize; meant \describe ? checkRd: (-1) NN-class.Rd:463: Lost braces in \itemize; meant \describe ? checkRd: (-1) NN-class.Rd:464: Lost braces in \itemize; meant \describe ? checkRd: (-1) NN-class.Rd:465: Lost braces in \itemize; meant \describe ? checkRd: (-1) NN-class.Rd:467: Lost braces in \itemize; meant \describe ? checkRd: (-1) NN-class.Rd:468: Lost braces in \itemize; meant \describe ? checkRd: (-1) NN-class.Rd:469: Lost braces in \itemize; meant \describe ? checkRd: (-1) NN-class.Rd:37: Lost braces 37 | \seealso{\code{\link{BP}}, \code{\link{LVQs}}, \code{\link{MAM}}, {\link{NN_component_names}}, {\link{NN_R_components}.}} | ^ checkRd: (-1) NN-components.Rd:11: Lost braces in \itemize; meant \describe ? checkRd: (-1) NN-components.Rd:12: Lost braces in \itemize; meant \describe ? checkRd: (-1) NN-components.Rd:13: Lost braces in \itemize; meant \describe ? checkRd: (-1) NN-components.Rd:14: Lost braces in \itemize; meant \describe ? checkRd: (-1) NN-components.Rd:15: Lost braces in \itemize; meant \describe ? checkRd: (-1) NN-components.Rd:16: Lost braces in \itemize; meant \describe ? checkRd: (-1) NN-components.Rd:17: Lost braces in \itemize; meant \describe ? checkRd: (-1) NN-components.Rd:18: Lost braces in \itemize; meant \describe ? checkRd: (-1) NN-components.Rd:19: Lost braces in \itemize; meant \describe ? checkRd: (-1) NN-components.Rd:20: Lost braces in \itemize; meant \describe ? checkRd: (-1) NN-components.Rd:21: Lost braces in \itemize; meant \describe ? checkRd: (-1) NN-components.Rd:25: Lost braces in \itemize; meant \describe ? checkRd: (-1) NN-components.Rd:26: Lost braces in \itemize; meant \describe ? checkRd: (-1) NN-components.Rd:27: Lost braces in \itemize; meant \describe ? checkRd: (-1) NN-components.Rd:28: Lost braces in \itemize; meant \describe ? checkRd: (-1) NN-components.Rd:29: Lost braces in \itemize; meant \describe ? checkRd: (-1) NN-components.Rd:30: Lost braces in \itemize; meant \describe ? checkRd: (-1) NN-components.Rd:31: Lost braces in \itemize; meant \describe ? checkRd: (-1) NN-components.Rd:32: Lost braces in \itemize; meant \describe ? checkRd: (-1) NN-components.Rd:33: Lost braces in \itemize; meant \describe ? checkRd: (-1) NN-components.Rd:34: Lost braces in \itemize; meant \describe ? checkRd: (-1) NN-components.Rd:41: Lost braces in \itemize; meant \describe ? checkRd: (-1) NN-components.Rd:42: Lost braces in \itemize; meant \describe ? checkRd: (-1) NN-components.Rd:43: Lost braces in \itemize; meant \describe ? checkRd: (-1) NN-components.Rd:44: Lost braces in \itemize; meant \describe ? checkRd: (-1) NN-components.Rd:45: Lost braces in \itemize; meant \describe ? checkRd: (-1) NN-components.Rd:46: Lost braces in \itemize; meant \describe ? checkRd: (-1) NN-components.Rd:50: Lost braces in \itemize; meant \describe ? checkRd: (-1) NN-components.Rd:51: Lost braces in \itemize; meant \describe ? checkRd: (-1) NN-components.Rd:52: Lost braces in \itemize; meant \describe ? checkRd: (-1) NN-components.Rd:53: Lost braces in \itemize; meant \describe ? checkRd: (-1) NN-components.Rd:54: Lost braces in \itemize; meant \describe ? Flavors: r-devel-linux-x86_64-debian-clang, r-devel-linux-x86_64-debian-gcc

Version: 0.2.3
Check: installed package size
Result: NOTE installed size is 9.8Mb sub-directories of 1Mb or more: libs 9.2Mb Flavors: r-release-macos-arm64, r-release-macos-x86_64, r-oldrel-macos-arm64, r-oldrel-macos-x86_64