Last updated on 2024-08-16 00:48:26 CEST.
Flavor | Version | Tinstall | Tcheck | Ttotal | Status | Flags |
---|---|---|---|---|---|---|
r-devel-linux-x86_64-debian-clang | 0.1.4 | 34.16 | 194.18 | 228.34 | OK | |
r-devel-linux-x86_64-debian-gcc | 0.1.4 | 24.42 | 132.17 | 156.59 | OK | |
r-devel-linux-x86_64-fedora-clang | 0.1.4 | 381.68 | NOTE | |||
r-devel-linux-x86_64-fedora-gcc | 0.1.4 | 382.51 | OK | |||
r-devel-windows-x86_64 | 0.1.4 | 51.00 | 285.00 | 336.00 | NOTE | |
r-patched-linux-x86_64 | 0.1.4 | 34.80 | 186.95 | 221.75 | OK | |
r-release-linux-x86_64 | 0.1.4 | 35.04 | 188.97 | 224.01 | OK | |
r-release-macos-arm64 | 0.1.4 | 133.00 | NOTE | |||
r-release-macos-x86_64 | 0.1.4 | 284.00 | NOTE | |||
r-release-windows-x86_64 | 0.1.4 | 53.00 | 291.00 | 344.00 | NOTE | |
r-oldrel-macos-arm64 | 0.1.4 | 132.00 | NOTE | |||
r-oldrel-macos-x86_64 | 0.1.4 | 298.00 | NOTE | |||
r-oldrel-windows-x86_64 | 0.1.4 | 61.00 | 359.00 | 420.00 | NOTE |
Version: 0.1.4
Check: installed package size
Result: NOTE
installed size is 7.4Mb
sub-directories of 1Mb or more:
libs 3.3Mb
mods 3.3Mb
Flavors: r-devel-linux-x86_64-fedora-clang, r-devel-windows-x86_64, r-release-macos-arm64, r-release-macos-x86_64, r-release-windows-x86_64, r-oldrel-macos-arm64, r-oldrel-macos-x86_64, r-oldrel-windows-x86_64