CRAN Package Check Results for Package nullabor

Last updated on 2023-12-08 00:52:02 CET.

Flavor Version Tinstall Tcheck Ttotal Status Flags
r-devel-linux-x86_64-debian-clang 0.3.9 10.51 130.35 140.86 OK
r-devel-linux-x86_64-debian-gcc 0.3.9 7.84 96.55 104.39 OK
r-devel-linux-x86_64-fedora-clang 0.3.9 183.68 NOTE
r-devel-linux-x86_64-fedora-gcc 0.3.9 411.97 NOTE
r-devel-windows-x86_64 0.3.9 11.00 111.00 122.00 OK
r-patched-linux-x86_64 0.3.9 10.97 125.35 136.32 OK
r-release-linux-x86_64 0.3.9 7.70 125.88 133.58 OK
r-release-macos-arm64 0.3.9 135.00 OK
r-release-macos-x86_64 0.3.9 222.00 OK
r-release-windows-x86_64 0.3.9 14.00 139.00 153.00 OK
r-oldrel-macos-arm64 0.3.9 106.00 NOTE
r-oldrel-macos-x86_64 0.3.9 275.00 NOTE
r-oldrel-windows-x86_64 0.3.9 15.00 139.00 154.00 OK

Check Details

Version: 0.3.9
Check: dependencies in R code
Result: NOTE Namespaces in Imports field not imported from: ‘forecast’ ‘rlang’ ‘tsibble’ ‘viridis’ All declared Imports should be used. Flavors: r-devel-linux-x86_64-fedora-clang, r-devel-linux-x86_64-fedora-gcc, r-oldrel-macos-arm64, r-oldrel-macos-x86_64