Last updated on 2023-12-03 01:57:53 CET.
Flavor | Version | Tinstall | Tcheck | Ttotal | Status | Flags |
---|---|---|---|---|---|---|
r-devel-linux-x86_64-debian-clang | 0.1.6 | 47.32 | 421.22 | 468.54 | OK | |
r-devel-linux-x86_64-debian-gcc | 0.1.6 | 38.55 | 313.30 | 351.85 | OK | |
r-devel-linux-x86_64-fedora-clang | 0.1.6 | 630.82 | NOTE | |||
r-devel-linux-x86_64-fedora-gcc | 0.1.6 | 604.25 | OK | |||
r-devel-windows-x86_64 | 0.1.6 | 38.00 | 281.00 | 319.00 | NOTE | |
r-patched-linux-x86_64 | 0.1.6 | 39.93 | 398.65 | 438.58 | OK | |
r-release-linux-x86_64 | 0.1.6 | 27.64 | 399.31 | 426.95 | OK | |
r-release-macos-arm64 | 0.1.6 | 132.00 | NOTE | |||
r-release-macos-x86_64 | 0.1.6 | 312.00 | NOTE | |||
r-release-windows-x86_64 | 0.1.6 | 52.00 | 372.00 | 424.00 | NOTE | |
r-oldrel-macos-arm64 | 0.1.6 | 138.00 | NOTE | |||
r-oldrel-macos-x86_64 | 0.1.5 | 206.00 | NOTE | |||
r-oldrel-windows-x86_64 | 0.1.6 | 52.00 | 368.00 | 420.00 | NOTE |
Version: 0.1.6
Check: installed package size
Result: NOTE
installed size is 6.2Mb
sub-directories of 1Mb or more:
R 1.5Mb
test_files 4.2Mb
Flavors: r-devel-linux-x86_64-fedora-clang, r-devel-windows-x86_64, r-release-macos-arm64, r-release-macos-x86_64, r-release-windows-x86_64, r-oldrel-macos-arm64, r-oldrel-windows-x86_64
Version: 0.1.5
Check: installed package size
Result: NOTE
installed size is 6.2Mb
sub-directories of 1Mb or more:
R 1.6Mb
test_files 4.2Mb
Flavor: r-oldrel-macos-x86_64