Last updated on 2023-11-30 01:53:38 CET.
Flavor | Version | Tinstall | Tcheck | Ttotal | Status | Flags |
---|---|---|---|---|---|---|
r-devel-linux-x86_64-debian-clang | 0.2.0 | 2.33 | 219.91 | 222.24 | OK | |
r-devel-linux-x86_64-debian-gcc | 0.2.0 | 2.44 | 157.40 | 159.84 | OK | |
r-devel-linux-x86_64-fedora-clang | 0.2.0 | 272.74 | NOTE | |||
r-devel-linux-x86_64-fedora-gcc | 0.2.0 | 275.47 | NOTE | |||
r-devel-windows-x86_64 | 0.2.0 | 3.00 | 191.00 | 194.00 | OK | |
r-patched-linux-x86_64 | 0.2.0 | 3.18 | 213.81 | 216.99 | OK | |
r-release-linux-x86_64 | 0.2.0 | 2.76 | 213.09 | 215.85 | OK | |
r-release-macos-arm64 | 0.2.0 | 82.00 | OK | |||
r-release-macos-x86_64 | 0.2.0 | 144.00 | OK | |||
r-release-windows-x86_64 | 0.2.0 | 4.00 | 216.00 | 220.00 | OK | |
r-oldrel-macos-arm64 | 0.2.0 | 75.00 | NOTE | |||
r-oldrel-macos-x86_64 | 0.2.0 | 88.00 | NOTE | |||
r-oldrel-windows-x86_64 | 0.2.0 | 4.00 | 215.00 | 219.00 | OK |
Version: 0.2.0
Check: dependencies in R code
Result: NOTE
Namespace in Imports field not imported from: ‘methods’
All declared Imports should be used.
Flavors: r-devel-linux-x86_64-fedora-clang, r-devel-linux-x86_64-fedora-gcc, r-oldrel-macos-arm64, r-oldrel-macos-x86_64