Last updated on 2024-08-16 00:48:27 CEST.
Flavor | Version | Tinstall | Tcheck | Ttotal | Status | Flags |
---|---|---|---|---|---|---|
r-devel-linux-x86_64-debian-clang | 1.1.0 | 11.69 | 378.49 | 390.18 | NOTE | |
r-devel-linux-x86_64-debian-gcc | 1.1.0 | 8.02 | 251.58 | 259.60 | NOTE | |
r-devel-linux-x86_64-fedora-clang | 1.1.0 | 632.88 | OK | |||
r-devel-linux-x86_64-fedora-gcc | 1.1.0 | 638.80 | OK | |||
r-devel-windows-x86_64 | 1.1.0 | 11.00 | 357.00 | 368.00 | NOTE | |
r-patched-linux-x86_64 | 1.1.0 | 12.94 | 370.30 | 383.24 | OK | |
r-release-linux-x86_64 | 1.1.0 | 10.90 | 370.66 | 381.56 | OK | |
r-release-macos-arm64 | 1.1.0 | 168.00 | OK | |||
r-release-macos-x86_64 | 1.1.0 | 270.00 | OK | |||
r-release-windows-x86_64 | 1.1.0 | 12.00 | 357.00 | 369.00 | OK | |
r-oldrel-macos-arm64 | 1.1.0 | 169.00 | OK | |||
r-oldrel-macos-x86_64 | 1.1.0 | 340.00 | OK | |||
r-oldrel-windows-x86_64 | 1.1.0 | 16.00 | 470.00 | 486.00 | OK |
Version: 1.1.0
Check: Rd cross-references
Result: NOTE
Found the following Rd file(s) with Rd \link{} targets missing package
anchors:
ordAOV.Rd: LRTSim, RLRTSim, RLRsim, exactLRT, exactRLRT
ordGene.Rd: LRTSim, RLRTSim
ordSmooth.Rd: gam, mgcv
Please provide package anchors for all Rd \link{} targets not in the
package itself and the base packages.
Flavors: r-devel-linux-x86_64-debian-clang, r-devel-linux-x86_64-debian-gcc, r-devel-windows-x86_64