Last updated on 2024-08-16 00:48:27 CEST.
Flavor | Version | Tinstall | Tcheck | Ttotal | Status | Flags |
---|---|---|---|---|---|---|
r-devel-linux-x86_64-debian-clang | 0.1.1 | 45.44 | 331.48 | 376.92 | OK | |
r-devel-linux-x86_64-debian-gcc | 0.1.1 | 37.43 | 234.51 | 271.94 | OK | |
r-devel-linux-x86_64-fedora-clang | 0.1.1 | 636.94 | NOTE | |||
r-devel-linux-x86_64-fedora-gcc | 0.1.1 | 606.93 | NOTE | |||
r-devel-windows-x86_64 | 0.1.1 | 39.00 | 465.00 | 504.00 | OK | |
r-patched-linux-x86_64 | 0.1.1 | 52.20 | 314.55 | 366.75 | OK | |
r-release-linux-x86_64 | 0.1.1 | 44.34 | 315.69 | 360.03 | OK | |
r-release-macos-arm64 | 0.1.1 | 208.00 | OK | |||
r-release-macos-x86_64 | 0.1.1 | 312.00 | OK | |||
r-release-windows-x86_64 | 0.1.1 | 41.00 | 467.00 | 508.00 | OK | |
r-oldrel-macos-arm64 | 0.1.1 | 243.00 | OK | |||
r-oldrel-macos-x86_64 | 0.1.1 | 349.00 | OK | |||
r-oldrel-windows-x86_64 | 0.1.1 | 57.00 | 594.00 | 651.00 | OK |
Version: 0.1.1
Check: dependencies in R code
Result: NOTE
Namespace in Imports field not imported from: ‘devtools’
All declared Imports should be used.
Flavors: r-devel-linux-x86_64-fedora-clang, r-devel-linux-x86_64-fedora-gcc