Last updated on 2024-08-16 00:48:27 CEST.
Flavor | Version | Tinstall | Tcheck | Ttotal | Status | Flags |
---|---|---|---|---|---|---|
r-devel-linux-x86_64-debian-clang | 1.1.1 | 60.20 | 38.00 | 98.20 | NOTE | |
r-devel-linux-x86_64-debian-gcc | 1.1.1 | 40.86 | 28.14 | 69.00 | NOTE | |
r-devel-linux-x86_64-fedora-clang | 1.1.1 | 196.71 | OK | |||
r-devel-linux-x86_64-fedora-gcc | 1.1.1 | 207.66 | OK | |||
r-devel-windows-x86_64 | 1.1.1 | 66.00 | 75.00 | 141.00 | NOTE | |
r-patched-linux-x86_64 | 1.1.1 | 61.67 | 36.66 | 98.33 | OK | |
r-release-linux-x86_64 | 1.1.1 | 58.71 | 36.22 | 94.93 | OK | |
r-release-macos-arm64 | 1.1.1 | 50.00 | OK | |||
r-release-macos-x86_64 | 1.1.1 | 60.00 | OK | |||
r-release-windows-x86_64 | 1.1.1 | 65.00 | 77.00 | 142.00 | NOTE | |
r-oldrel-macos-arm64 | 1.1.1 | 57.00 | OK | |||
r-oldrel-macos-x86_64 | 1.1.1 | 98.00 | OK | |||
r-oldrel-windows-x86_64 | 1.1.1 | 77.00 | 88.00 | 165.00 | NOTE |
Version: 1.1.1
Check: Rd cross-references
Result: NOTE
Found the following Rd file(s) with Rd \link{} targets missing package
anchors:
pARIbrain.Rd: cluster_threshold, rowRanks
permTest.Rd: rowRanks
plotNullDistribution.Rd: rowRanks
signTest.Rd: rowRanks
Please provide package anchors for all Rd \link{} targets not in the
package itself and the base packages.
Flavors: r-devel-linux-x86_64-debian-clang, r-devel-linux-x86_64-debian-gcc, r-devel-windows-x86_64
Version: 1.1.1
Check: C++ specification
Result: NOTE
Specified C++11: please drop specification unless essential
Flavors: r-devel-windows-x86_64, r-release-windows-x86_64, r-oldrel-windows-x86_64