CRAN Package Check Results for Package pak

Last updated on 2024-02-24 00:51:23 CET.

Flavor Version Tinstall Tcheck Ttotal Status Flags
r-devel-linux-x86_64-debian-clang 0.7.1 172.52 54.61 227.13 OK
r-devel-linux-x86_64-debian-gcc 0.7.1 158.33 40.87 199.20 OK
r-devel-linux-x86_64-fedora-clang 0.7.1 315.67 NOTE
r-devel-linux-x86_64-fedora-gcc 0.7.1 352.82 OK
r-devel-windows-x86_64 0.7.1 377.00 66.00 443.00 NOTE
r-patched-linux-x86_64 0.7.1 184.56 51.73 236.29 WARN
r-release-linux-x86_64 0.7.1 179.30 51.46 230.76 OK
r-release-macos-arm64 0.7.1 118.00 NOTE
r-release-macos-x86_64 0.7.1 276.00 NOTE
r-release-windows-x86_64 0.7.1 397.00 74.00 471.00 NOTE
r-oldrel-macos-arm64 0.7.1 112.00 NOTE
r-oldrel-windows-x86_64 0.7.1 435.00 66.00 501.00 NOTE

Check Details

Version: 0.7.1
Check: installed package size
Result: NOTE installed size is 8.0Mb sub-directories of 1Mb or more: library 7.1Mb Flavors: r-devel-linux-x86_64-fedora-clang, r-devel-windows-x86_64, r-release-macos-arm64, r-release-macos-x86_64, r-release-windows-x86_64, r-oldrel-macos-arm64, r-oldrel-windows-x86_64

Version: 0.7.1
Check: whether package can be installed
Result: WARN Found the following significant warnings: Rd warning: pkg_deps.Rd:40: missing link ‘parse_pkg_refs’ Rd warning: pkg_download.Rd:53: missing link ‘parse_pkg_refs’ See ‘/home/hornik/tmp/R.check/r-patched-gcc/Work/PKGS/pak.Rcheck/00install.out’ for details. * used C compiler: ‘gcc-13 (Debian 13.2.0-13) 13.2.0’ Flavor: r-patched-linux-x86_64