CRAN Package Check Results for Package pamr

Last updated on 2024-02-24 00:51:23 CET.

Flavor Version Tinstall Tcheck Ttotal Status Flags
r-devel-linux-x86_64-debian-clang 1.56.1 11.77 83.78 95.55 NOTE
r-devel-linux-x86_64-debian-gcc 1.56.1 8.14 63.81 71.95 NOTE
r-devel-linux-x86_64-fedora-clang 1.56.1 115.48 NOTE
r-devel-linux-x86_64-fedora-gcc 1.56.1 111.52 NOTE
r-devel-windows-x86_64 1.56.1 11.00 89.00 100.00 NOTE
r-patched-linux-x86_64 1.56.1 8.53 82.91 91.44 NOTE
r-release-linux-x86_64 1.56.1 9.88 82.73 92.61 NOTE
r-release-macos-arm64 1.56.1 41.00 NOTE
r-release-macos-x86_64 1.56.1 65.00 NOTE
r-release-windows-x86_64 1.56.1 14.00 97.00 111.00 NOTE
r-oldrel-macos-arm64 1.56.1 41.00 OK
r-oldrel-windows-x86_64 1.56.1 13.00 105.00 118.00 OK

Check Details

Version: 1.56.1
Check: Rd \usage sections
Result: NOTE S3 methods shown with full name in Rd file 'pamr.internal.Rd': ‘print.nsc’ ‘print.nsccv’ The \usage entries for S3 methods should use the \method markup and not their full name. See chapter ‘Writing R documentation files’ in the ‘Writing R Extensions’ manual. Flavors: r-devel-linux-x86_64-debian-clang, r-devel-linux-x86_64-debian-gcc, r-devel-linux-x86_64-fedora-clang, r-devel-linux-x86_64-fedora-gcc, r-devel-windows-x86_64

Version: 1.56.1
Check: compiled code
Result: NOTE File ‘pamr/libs/pamr.so’: Found no calls to: ‘R_registerRoutines’, ‘R_useDynamicSymbols’ It is good practice to register native routines and to disable symbol search. See ‘Writing portable packages’ in the ‘Writing R Extensions’ manual. Flavors: r-devel-linux-x86_64-fedora-clang, r-devel-linux-x86_64-fedora-gcc

Version: 1.56.1
Check: Rd \usage sections
Result: NOTE S3 methods shown with full name in documentation object 'pamr-internal': ‘print.nsc’ ‘print.nsccv’ The \usage entries for S3 methods should use the \method markup and not their full name. See chapter ‘Writing R documentation files’ in the ‘Writing R Extensions’ manual. Flavors: r-patched-linux-x86_64, r-release-linux-x86_64, r-release-macos-arm64, r-release-macos-x86_64, r-release-windows-x86_64