Last updated on 2023-12-11 01:52:44 CET.
Flavor | Version | Tinstall | Tcheck | Ttotal | Status | Flags |
---|---|---|---|---|---|---|
r-devel-linux-x86_64-debian-clang | 2.0.0 | 31.21 | 450.49 | 481.70 | OK | |
r-devel-linux-x86_64-debian-gcc | 2.0.0 | 23.59 | 311.80 | 335.39 | OK | |
r-devel-linux-x86_64-fedora-clang | 2.0.0 | 641.74 | OK | |||
r-devel-linux-x86_64-fedora-gcc | 2.0.0 | 613.72 | OK | |||
r-devel-windows-x86_64 | 2.0.0 | 22.00 | 421.00 | 443.00 | OK | |
r-patched-linux-x86_64 | 2.0.0 | 33.51 | 428.48 | 461.99 | OK | |
r-release-linux-x86_64 | 2.0.0 | 21.87 | 423.33 | 445.20 | OK | |
r-release-macos-arm64 | 2.0.0 | 157.00 | OK | |||
r-release-macos-x86_64 | 2.0.0 | 354.00 | OK | |||
r-release-windows-x86_64 | 2.0.0 | 30.00 | 449.00 | 479.00 | OK | |
r-oldrel-macos-arm64 | 2.0.0 | 138.00 | OK | |||
r-oldrel-macos-x86_64 | 1.2.4 | 20.00 | ERROR | |||
r-oldrel-windows-x86_64 | 2.0.0 | 32.00 | 425.00 | 457.00 | OK |
Version: 1.2.4
Check: whether package can be installed
Result: ERROR
Installation failed.
Flavor: r-oldrel-macos-x86_64