Last updated on 2023-12-04 01:48:51 CET.
Flavor | Version | Tinstall | Tcheck | Ttotal | Status | Flags |
---|---|---|---|---|---|---|
r-devel-linux-x86_64-debian-clang | 1.5.4 | 1384.31 | 285.51 | 1669.82 | NOTE | |
r-devel-linux-x86_64-debian-gcc | 1.5.4 | 1102.00 | 290.83 | 1392.83 | NOTE | |
r-devel-linux-x86_64-fedora-clang | 1.5.4 | 2010.38 | NOTE | |||
r-devel-linux-x86_64-fedora-gcc | 1.5.4 | 2682.01 | NOTE | |||
r-devel-windows-x86_64 | 1.5.4 | 952.00 | 329.00 | 1281.00 | NOTE | |
r-patched-linux-x86_64 | 1.5.4 | 903.54 | 388.30 | 1291.84 | NOTE | |
r-release-linux-x86_64 | 1.5.4 | 992.97 | 381.94 | 1374.91 | NOTE | |
r-release-macos-arm64 | 1.5.4 | 854.00 | NOTE | |||
r-release-macos-x86_64 | 1.5.4 | 1104.00 | NOTE | |||
r-release-windows-x86_64 | 1.5.4 | 1230.00 | 393.00 | 1623.00 | NOTE | |
r-oldrel-macos-arm64 | 1.5.4 | 543.00 | NOTE | |||
r-oldrel-macos-x86_64 | 1.5.4 | 1469.00 | NOTE | |||
r-oldrel-windows-x86_64 | 1.5.4 | 1190.00 | 374.00 | 1564.00 | NOTE |
Version: 1.5.4
Check: for GNU extensions in Makefiles
Result: NOTE
GNU make is a SystemRequirements.
Flavors: r-devel-linux-x86_64-debian-clang, r-devel-linux-x86_64-debian-gcc, r-devel-linux-x86_64-fedora-clang, r-devel-linux-x86_64-fedora-gcc, r-devel-windows-x86_64, r-patched-linux-x86_64, r-release-linux-x86_64, r-release-macos-arm64, r-release-macos-x86_64, r-release-windows-x86_64, r-oldrel-macos-arm64, r-oldrel-macos-x86_64, r-oldrel-windows-x86_64
Version: 1.5.4
Check: installed package size
Result: NOTE
installed size is 15.1Mb
sub-directories of 1Mb or more:
doc 2.9Mb
libs 11.4Mb
Flavors: r-devel-linux-x86_64-fedora-clang, r-devel-windows-x86_64, r-release-macos-arm64, r-release-macos-x86_64, r-release-windows-x86_64, r-oldrel-macos-arm64, r-oldrel-macos-x86_64, r-oldrel-windows-x86_64
Version: 1.5.4
Check: dependencies in R code
Result: NOTE
Namespace in Imports field not imported from: ‘rstantools’
All declared Imports should be used.
Flavors: r-devel-linux-x86_64-fedora-clang, r-devel-linux-x86_64-fedora-gcc