Last updated on 2023-12-10 12:51:03 CET.
Flavor | Version | Tinstall | Tcheck | Ttotal | Status | Flags |
---|---|---|---|---|---|---|
r-devel-linux-x86_64-debian-clang | 1.0.2 | 2.83 | 495.31 | 498.14 | NOTE | |
r-devel-linux-x86_64-debian-gcc | 1.0.2 | 2.54 | 338.58 | 341.12 | NOTE | |
r-devel-linux-x86_64-fedora-clang | 1.0.2 | 586.47 | OK | |||
r-devel-linux-x86_64-fedora-gcc | 1.0.2 | 582.57 | OK | |||
r-devel-windows-x86_64 | 1.0.2 | 4.00 | 337.00 | 341.00 | OK | |
r-patched-linux-x86_64 | 1.0.2 | 3.70 | 478.18 | 481.88 | OK | |
r-release-linux-x86_64 | 1.0.2 | 2.18 | 459.67 | 461.85 | OK | |
r-release-macos-arm64 | 1.0.2 | 153.00 | OK | |||
r-release-macos-x86_64 | 1.0.2 | 271.00 | OK | |||
r-release-windows-x86_64 | 1.0.2 | 5.00 | 417.00 | 422.00 | OK | |
r-oldrel-macos-arm64 | 1.0.2 | 125.00 | OK | |||
r-oldrel-macos-x86_64 | 1.0.2 | 183.00 | OK | |||
r-oldrel-windows-x86_64 | 1.0.2 | 5.00 | 409.00 | 414.00 | OK |
Version: 1.0.2
Check: Rd files
Result: NOTE
checkRd: (-1) est_norm.Rd:22: Lost braces in \itemize; \value handles \item{}{} directly
checkRd: (-1) est_norm.Rd:23-24: Lost braces in \itemize; \value handles \item{}{} directly
checkRd: (-1) est_norm.Rd:25: Lost braces in \itemize; \value handles \item{}{} directly
checkRd: (-1) est_norm.Rd:26: Lost braces in \itemize; \value handles \item{}{} directly
checkRd: (-1) est_norm.Rd:27: Lost braces in \itemize; \value handles \item{}{} directly
Flavors: r-devel-linux-x86_64-debian-clang, r-devel-linux-x86_64-debian-gcc