CRAN Package Check Results for Package pegas

Last updated on 2024-02-25 01:49:07 CET.

Flavor Version Tinstall Tcheck Ttotal Status Flags
r-devel-linux-x86_64-debian-clang 1.3 10.49 110.75 121.24 OK
r-devel-linux-x86_64-debian-gcc 1.3 10.65 83.72 94.37 OK
r-devel-linux-x86_64-fedora-clang 1.3 153.59 OK
r-devel-linux-x86_64-fedora-gcc 1.3 161.11 OK
r-devel-windows-x86_64 1.3 14.00 145.00 159.00 OK
r-patched-linux-x86_64 1.3 14.69 108.80 123.49 OK
r-release-linux-x86_64 1.3 10.34 108.53 118.87 OK
r-release-macos-arm64 1.3 72.00 NOTE
r-release-macos-x86_64 1.3 152.00 OK
r-release-windows-x86_64 1.3 19.00 154.00 173.00 OK
r-oldrel-macos-arm64 1.3 57.00 OK
r-oldrel-windows-x86_64 1.3 17.00 165.00 182.00 OK

Check Details

Version: 1.3
Check: package dependencies
Result: NOTE Package suggested but not available for checking: ‘snpStats’ Flavor: r-release-macos-arm64