CRAN Package Check Results for Package pkgfilecache

Last updated on 2024-03-03 01:53:42 CET.

Flavor Version Tinstall Tcheck Ttotal Status Flags
r-devel-linux-x86_64-debian-clang 0.1.5 2.54 29.78 32.32 OK
r-devel-linux-x86_64-debian-gcc 0.1.5 1.73 22.79 24.52 OK
r-devel-linux-x86_64-fedora-clang 0.1.5 41.29 NOTE
r-devel-linux-x86_64-fedora-gcc 0.1.5 49.59 NOTE
r-devel-windows-x86_64 0.1.5 3.00 53.00 56.00 OK
r-patched-linux-x86_64 0.1.5 2.21 28.20 30.41 OK
r-release-linux-x86_64 0.1.5 2.53 28.46 30.99 OK
r-release-macos-arm64 0.1.5 28.00 OK
r-release-macos-x86_64 0.1.5 56.00 OK
r-release-windows-x86_64 0.1.5 5.00 52.00 57.00 OK
r-oldrel-macos-arm64 0.1.5 23.00 OK
r-oldrel-windows-x86_64 0.1.5 4.00 50.00 54.00 OK

Check Details

Version: 0.1.5
Check: dependencies in R code
Result: NOTE Namespace in Imports field not imported from: ‘curl’ All declared Imports should be used. Flavors: r-devel-linux-x86_64-fedora-clang, r-devel-linux-x86_64-fedora-gcc