CRAN Package Check Results for Package plantecowrap

Last updated on 2024-04-24 13:55:41 CEST.

Flavor Version Tinstall Tcheck Ttotal Status Flags
r-devel-linux-x86_64-debian-clang 1.0.4 7.55 192.10 199.65 NOTE
r-devel-linux-x86_64-debian-gcc 1.0.4 5.43 131.72 137.15 NOTE
r-devel-linux-x86_64-fedora-clang 1.0.4 232.60 NOTE
r-devel-linux-x86_64-fedora-gcc 1.0.4 236.76 NOTE
r-devel-windows-x86_64 1.0.4 8.00 135.00 143.00 NOTE
r-patched-linux-x86_64 1.0.4 5.42 176.97 182.39 NOTE
r-release-linux-x86_64 1.0.4 4.10 176.08 180.18 NOTE
r-release-macos-arm64 1.0.4 64.00 NOTE
r-release-windows-x86_64 1.0.4 8.00 131.00 139.00 NOTE
r-oldrel-macos-arm64 1.0.4 52.00 NOTE
r-oldrel-macos-x86_64 1.0.4 107.00 NOTE
r-oldrel-windows-x86_64 1.0.4 9.00 169.00 178.00 NOTE

Check Details

Version: 1.0.4
Check: LazyData
Result: NOTE 'LazyData' is specified without a 'data' directory Flavors: r-devel-linux-x86_64-debian-clang, r-devel-linux-x86_64-debian-gcc, r-devel-linux-x86_64-fedora-clang, r-devel-linux-x86_64-fedora-gcc, r-devel-windows-x86_64, r-patched-linux-x86_64, r-release-linux-x86_64, r-release-macos-arm64, r-release-windows-x86_64, r-oldrel-macos-arm64, r-oldrel-macos-x86_64, r-oldrel-windows-x86_64