CRAN Package Check Results for Package plgraphics

Last updated on 2024-04-23 01:57:10 CEST.

Flavor Version Tinstall Tcheck Ttotal Status Flags
r-devel-linux-x86_64-debian-clang 1.2 23.48 232.41 255.89 NOTE
r-devel-linux-x86_64-debian-gcc 1.2 17.89 164.85 182.74 NOTE
r-devel-linux-x86_64-fedora-clang 1.2 304.41 NOTE
r-devel-linux-x86_64-fedora-gcc 1.2 306.83 NOTE
r-prerel-macos-arm64 1.2 89.00 NOTE
r-prerel-windows-x86_64 1.2 16.00 198.00 214.00 NOTE
r-patched-linux-x86_64 1.2 19.73 220.70 240.43 NOTE
r-release-linux-x86_64 1.2 18.51 218.04 236.55 OK
r-release-macos-arm64 1.2 91.00 OK
r-release-macos-x86_64 1.2 192.00 OK
r-release-windows-x86_64 1.2 23.00 237.00 260.00 OK
r-oldrel-macos-arm64 1.2 87.00 OK
r-oldrel-windows-x86_64 1.2 25.00 239.00 264.00 OK

Check Details

Version: 1.2
Check: Rd files
Result: NOTE checkRd: (-1) plgraphics-internal.Rd:19: Lost braces 19 | \item{RNAMES}{code{row.names} if \code{x} is a matrix or data.frame, | ^ Flavors: r-devel-linux-x86_64-debian-clang, r-devel-linux-x86_64-debian-gcc, r-devel-linux-x86_64-fedora-clang, r-devel-linux-x86_64-fedora-gcc, r-prerel-macos-arm64, r-prerel-windows-x86_64, r-patched-linux-x86_64