CRAN Package Check Results for Package pmartR

Last updated on 2024-04-14 00:57:41 CEST.

Flavor Version Tinstall Tcheck Ttotal Status Flags
r-devel-linux-x86_64-debian-clang 2.4.4 121.67 258.12 379.79 NOTE
r-devel-linux-x86_64-debian-gcc 2.4.4 102.76 184.50 287.26 NOTE
r-devel-linux-x86_64-fedora-clang 2.4.4 553.15 NOTE
r-devel-linux-x86_64-fedora-gcc 2.4.4 538.63 NOTE
r-devel-windows-x86_64 2.4.4 96.00 240.00 336.00 NOTE
r-patched-linux-x86_64 2.4.4 124.37 250.67 375.04 NOTE
r-release-linux-x86_64 2.4.4 87.80 245.05 332.85 NOTE
r-release-macos-arm64 2.4.4 116.00 NOTE
r-release-macos-x86_64 2.4.4 238.00 NOTE
r-release-windows-x86_64 2.4.4 128.00 297.00 425.00 NOTE
r-oldrel-macos-arm64 2.4.4 106.00 NOTE
r-oldrel-windows-x86_64 2.4.4 120.00 257.00 377.00 NOTE

Check Details

Version: 2.4.4
Check: package dependencies
Result: NOTE Package suggested but not available for checking: ‘pmartRdata’ Flavors: r-devel-linux-x86_64-debian-clang, r-devel-linux-x86_64-debian-gcc, r-devel-linux-x86_64-fedora-clang, r-devel-linux-x86_64-fedora-gcc, r-devel-windows-x86_64, r-patched-linux-x86_64, r-release-linux-x86_64, r-release-macos-arm64, r-release-macos-x86_64, r-release-windows-x86_64, r-oldrel-macos-arm64, r-oldrel-windows-x86_64

Version: 2.4.4
Check: installed package size
Result: NOTE installed size is 7.5Mb sub-directories of 1Mb or more: libs 5.0Mb Flavors: r-release-macos-arm64, r-release-macos-x86_64, r-oldrel-macos-arm64