CRAN Package Check Results for Package pmxTools

Last updated on 2024-02-25 01:49:07 CET.

Flavor Version Tinstall Tcheck Ttotal Status Flags
r-devel-linux-x86_64-debian-clang 1.3 17.07 128.99 146.06 NOTE
r-devel-linux-x86_64-debian-gcc 1.3 13.70 94.29 107.99 NOTE
r-devel-linux-x86_64-fedora-clang 1.3 175.93 NOTE
r-devel-linux-x86_64-fedora-gcc 1.3 189.93 OK
r-devel-windows-x86_64 1.3 13.00 111.00 124.00 OK
r-patched-linux-x86_64 1.3 10.67 123.66 134.33 OK
r-release-linux-x86_64 1.3 9.94 122.95 132.89 OK
r-release-macos-arm64 1.3 53.00 OK
r-release-macos-x86_64 1.3 82.00 OK
r-release-windows-x86_64 1.3 19.00 132.00 151.00 OK
r-oldrel-macos-arm64 1.3 47.00 OK
r-oldrel-windows-x86_64 1.3 19.00 126.00 145.00 OK

Check Details

Version: 1.3
Check: Rd files
Result: NOTE checkRd: (-1) plot_scm.Rd:106: Lost braces; missing escapes or markup? 106 | \item{lookupDF}{A data frame containing a lookup table for node labels. By default, {plot_scm} will use the PSN model names. If a lookup table containing the fields `Model` and `Alias` is provided, model names in `Model` will be replaced in the output plots by mtaching labels in `Alias`.} | ^ checkRd: (-1) rnm.Rd:56: Lost braces in \itemize; meant \describe ? checkRd: (-1) rnm.Rd:57: Lost braces in \itemize; meant \describe ? checkRd: (-1) rnm.Rd:58: Lost braces in \itemize; meant \describe ? checkRd: (-1) rnm.Rd:59: Lost braces in \itemize; meant \describe ? checkRd: (-1) rnm.Rd:60: Lost braces in \itemize; meant \describe ? checkRd: (-1) rnm.Rd:61: Lost braces in \itemize; meant \describe ? checkRd: (-1) rnm.Rd:62: Lost braces in \itemize; meant \describe ? checkRd: (-1) rnm.Rd:63: Lost braces in \itemize; meant \describe ? checkRd: (-1) rnm.Rd:64: Lost braces in \itemize; meant \describe ? checkRd: (-1) rnm.Rd:65: Lost braces in \itemize; meant \describe ? checkRd: (-1) rnm.Rd:66: Lost braces in \itemize; meant \describe ? checkRd: (-1) rnm.Rd:67: Lost braces in \itemize; meant \describe ? checkRd: (-1) rnm.Rd:68: Lost braces in \itemize; meant \describe ? checkRd: (-1) rnm.Rd:69: Lost braces in \itemize; meant \describe ? checkRd: (-1) rnm.Rd:70: Lost braces in \itemize; meant \describe ? checkRd: (-1) rnm.Rd:71: Lost braces in \itemize; meant \describe ? Flavors: r-devel-linux-x86_64-debian-clang, r-devel-linux-x86_64-debian-gcc

Version: 1.3
Check: Rd cross-references
Result: NOTE Undeclared package ‘DiagrammeR’ in Rd xrefs Flavor: r-devel-linux-x86_64-fedora-clang