Last updated on 2023-12-01 00:52:06 CET.
Flavor | Version | Tinstall | Tcheck | Ttotal | Status | Flags |
---|---|---|---|---|---|---|
r-devel-linux-x86_64-debian-clang | 1.0.1 | 34.04 | 213.33 | 247.37 | NOTE | |
r-devel-linux-x86_64-debian-gcc | 1.0.1 | 28.16 | 154.80 | 182.96 | NOTE | |
r-devel-linux-x86_64-fedora-clang | 1.0.1 | 307.71 | NOTE | |||
r-devel-linux-x86_64-fedora-gcc | 1.0.1 | 302.64 | NOTE | |||
r-devel-windows-x86_64 | 1.0.1 | 25.00 | 144.00 | 169.00 | NOTE | |
r-patched-linux-x86_64 | 1.0.1 | 27.87 | 203.77 | 231.64 | NOTE | |
r-release-linux-x86_64 | 1.0.1 | 24.68 | 202.02 | 226.70 | NOTE | |
r-release-macos-arm64 | 1.0.1 | 73.00 | NOTE | |||
r-release-macos-x86_64 | 1.0.1 | 124.00 | NOTE | |||
r-release-windows-x86_64 | 1.0.1 | 30.00 | 180.00 | 210.00 | NOTE | |
r-oldrel-macos-arm64 | 1.0.1 | 67.00 | NOTE | |||
r-oldrel-macos-x86_64 | 1.0.1 | 116.00 | NOTE | |||
r-oldrel-windows-x86_64 | 1.0.1 | 31.00 | 185.00 | 216.00 | NOTE |
Version: 1.0.1
Check: package dependencies
Result: NOTE
Package suggested but not available for checking: ‘pollimetrydata’
Flavors: r-devel-linux-x86_64-debian-clang, r-devel-linux-x86_64-debian-gcc, r-devel-linux-x86_64-fedora-clang, r-devel-linux-x86_64-fedora-gcc, r-devel-windows-x86_64, r-patched-linux-x86_64, r-release-linux-x86_64, r-release-macos-arm64, r-release-macos-x86_64, r-release-windows-x86_64, r-oldrel-macos-arm64, r-oldrel-macos-x86_64, r-oldrel-windows-x86_64