Last updated on 2024-08-16 00:48:28 CEST.
Flavor | Version | Tinstall | Tcheck | Ttotal | Status | Flags |
---|---|---|---|---|---|---|
r-devel-linux-x86_64-debian-clang | 0.1.0 | 3.27 | 21.34 | 24.61 | OK | |
r-devel-linux-x86_64-debian-gcc | 0.1.0 | 2.67 | 18.03 | 20.70 | OK | |
r-devel-linux-x86_64-fedora-clang | 0.1.0 | 39.04 | NOTE | |||
r-devel-linux-x86_64-fedora-gcc | 0.1.0 | 37.37 | NOTE | |||
r-devel-windows-x86_64 | 0.1.0 | 6.00 | 44.00 | 50.00 | OK | |
r-patched-linux-x86_64 | 0.1.0 | 3.57 | 20.63 | 24.20 | OK | |
r-release-linux-x86_64 | 0.1.0 | 3.10 | 20.68 | 23.78 | OK | |
r-release-macos-arm64 | 0.1.0 | 19.00 | OK | |||
r-release-macos-x86_64 | 0.1.0 | 24.00 | OK | |||
r-release-windows-x86_64 | 0.1.0 | 6.00 | 44.00 | 50.00 | OK | |
r-oldrel-macos-arm64 | 0.1.0 | 18.00 | OK | |||
r-oldrel-macos-x86_64 | 0.1.0 | 26.00 | OK | |||
r-oldrel-windows-x86_64 | 0.1.0 | 5.00 | 46.00 | 51.00 | OK |
Version: 0.1.0
Check: data for non-ASCII characters
Result: NOTE
Note: found 42966 marked UTF-8 strings
Flavors: r-devel-linux-x86_64-fedora-clang, r-devel-linux-x86_64-fedora-gcc