CRAN Package Check Results for Package proj4

Last updated on 2024-05-22 00:54:14 CEST.

Flavor Version Tinstall Tcheck Ttotal Status Flags
r-devel-linux-x86_64-debian-clang 1.0-14 5.54 23.26 28.80 OK
r-devel-linux-x86_64-debian-gcc 1.0-14 3.75 17.85 21.60 OK
r-devel-linux-x86_64-fedora-clang 1.0-14 37.75 OK
r-devel-linux-x86_64-fedora-gcc 1.0-14 36.18 OK
r-devel-windows-x86_64 1.0-14 12.00 2.00 14.00 ERROR
r-patched-linux-x86_64 1.0-14 5.34 22.22 27.56 OK
r-release-linux-x86_64 1.0-14 4.57 22.33 26.90 OK
r-release-macos-arm64 1.0-14 24.00 NOTE
r-release-windows-x86_64 1.0-14 12.00 2.00 14.00 ERROR
r-oldrel-macos-arm64 1.0-14 27.00 NOTE
r-oldrel-macos-x86_64 1.0-14 48.00 NOTE
r-oldrel-windows-x86_64 1.0-14 23.00 169.00 192.00 NOTE

Check Details

Version: 1.0-14
Check: whether package can be installed
Result: ERROR Installation failed. Flavors: r-devel-windows-x86_64, r-release-windows-x86_64

Version: 1.0-14
Check: installed package size
Result: NOTE installed size is 17.6Mb sub-directories of 1Mb or more: libs 17.5Mb Flavors: r-release-macos-arm64, r-oldrel-macos-arm64, r-oldrel-macos-x86_64, r-oldrel-windows-x86_64