Last updated on 2023-11-28 12:51:55 CET.
Flavor | Version | Tinstall | Tcheck | Ttotal | Status | Flags |
---|---|---|---|---|---|---|
r-devel-linux-x86_64-debian-clang | 0.6.0 | 740.59 | 42.61 | 783.20 | OK | |
r-devel-linux-x86_64-debian-gcc | 0.6.0 | 610.69 | 31.96 | 642.65 | OK | |
r-devel-linux-x86_64-fedora-clang | 0.6.0 | 1199.79 | NOTE | |||
r-devel-linux-x86_64-fedora-gcc | 0.6.0 | 1211.45 | OK | |||
r-devel-windows-x86_64 | 0.6.0 | 335.00 | 151.00 | 486.00 | NOTE | |
r-patched-linux-x86_64 | 0.6.0 | 774.21 | 40.72 | 814.93 | OK | |
r-release-linux-x86_64 | 0.6.0 | 765.75 | 40.27 | 806.02 | OK | |
r-release-macos-arm64 | 0.6.0 | 197.00 | NOTE | |||
r-release-macos-x86_64 | 0.6.0 | 275.00 | NOTE | |||
r-release-windows-x86_64 | 0.6.0 | 381.00 | 190.00 | 571.00 | NOTE | |
r-oldrel-macos-arm64 | 0.6.0 | 185.00 | NOTE | |||
r-oldrel-macos-x86_64 | 0.5.4 | 268.00 | NOTE | |||
r-oldrel-windows-x86_64 | 0.6.0 | 519.00 | 165.00 | 684.00 | NOTE |
Version: 0.6.0
Check: installed package size
Result: NOTE
installed size is 18.9Mb
sub-directories of 1Mb or more:
libs 18.6Mb
Flavors: r-devel-linux-x86_64-fedora-clang, r-devel-windows-x86_64, r-release-macos-arm64, r-release-macos-x86_64, r-release-windows-x86_64, r-oldrel-macos-arm64, r-oldrel-windows-x86_64
Version: 0.5.4
Check: installed package size
Result: NOTE
installed size is 26.3Mb
sub-directories of 1Mb or more:
libs 26.0Mb
Flavor: r-oldrel-macos-x86_64