Last updated on 2024-05-04 12:48:06 CEST.
Flavor | Version | Tinstall | Tcheck | Ttotal | Status | Flags |
---|---|---|---|---|---|---|
r-devel-linux-x86_64-debian-clang | 0.1.3 | 0.80 | 2.46 | 3.26 | ERROR | |
r-devel-linux-x86_64-debian-gcc | 0.1.3 | 46.52 | 353.26 | 399.78 | OK | |
r-devel-linux-x86_64-fedora-clang | 0.1.3 | 744.48 | OK | |||
r-devel-linux-x86_64-fedora-gcc | 0.1.3 | 685.89 | OK | |||
r-devel-windows-x86_64 | 0.1.3 | 28.00 | 5.00 | 33.00 | ERROR | |
r-patched-linux-x86_64 | 0.1.3 | 51.27 | 463.01 | 514.28 | OK | |
r-release-linux-x86_64 | 0.1.3 | 38.20 | 468.84 | 507.04 | OK | |
r-release-macos-arm64 | 0.1.3 | 180.00 | OK | |||
r-release-macos-x86_64 | 0.1.3 | 531.00 | NOTE | |||
r-release-windows-x86_64 | 0.1.3 | 52.00 | 327.00 | 379.00 | OK | |
r-oldrel-macos-arm64 | 0.1.3 | 11.00 | ERROR | |||
r-oldrel-macos-x86_64 | 0.1.3 | 8.00 | ERROR | |||
r-oldrel-windows-x86_64 | 0.1.3 | 68.00 | 419.00 | 487.00 | OK |
Version: 0.1.3
Check: package dependencies
Result: ERROR
Package required but not available: ‘GSVA’
See section ‘The DESCRIPTION file’ in the ‘Writing R Extensions’
manual.
Flavors: r-devel-linux-x86_64-debian-clang, r-oldrel-macos-arm64, r-oldrel-macos-x86_64
Version: 0.1.3
Check: whether package can be installed
Result: ERROR
Installation failed.
Flavor: r-devel-windows-x86_64
Version: 0.1.3
Check: installed package size
Result: NOTE
installed size is 5.4Mb
sub-directories of 1Mb or more:
data 4.9Mb
Flavor: r-release-macos-x86_64